{"id":899,"date":"2020-02-27T21:49:47","date_gmt":"2020-02-27T20:49:47","guid":{"rendered":"http:\/\/4lo.kielce.eu\/?page_id=899"},"modified":"2025-09-14T15:30:55","modified_gmt":"2025-09-14T13:30:55","slug":"pck-krwiodawstwo","status":"publish","type":"page","link":"https:\/\/4lo.kielce.eu\/index.php\/pck-krwiodawstwo\/","title":{"rendered":"PCK &#8211; Krwiodawstwo"},"content":{"rendered":"\n<p>14 czerwca obchodzimy \u015awiatowy Dzie\u0144 Krwiodawcy, z tej okazji zach\u0119camy wszystkich do zapoznania si\u0119 z istotnymi faktami dotycz\u0105cymi krwiodawstwa zamieszczonymi pod poni\u017cszym linkiem:<\/p>\n\n\n\n<p><a href=\"https:\/\/www.kliklekarz.pl\/poradnik\/artykul\/swiatowy-dzien-krwiodawcy-dlaczego-warto-byc-dawca-krwi\">https:\/\/www.kliklekarz.pl\/poradnik\/artykul\/swiatowy-dzien-krwiodawcy-dlaczego-warto-byc-dawca-krwi<\/a><\/p>\n\n\n\n<p class=\"has-vivid-red-color has-text-color has-medium-font-size\"><strong>SZKOLNY KLUB HONOROWYCH DAWC\u00d3W KRWI<\/strong><\/p>\n\n\n\n<p>         W 2008 roku spe\u0142niaj\u0105c pro\u015bb\u0119 dyrektora RCKiK pana Jerzego Stalmasi\u0144skiego  o promowanie w\u015br\u00f3d uczni\u00f3w idei Honorowego Krwiodawstwa, zosta\u0142 powo\u0142any w IV LO Szkolny Klub Honorowych Krwiodawc\u00f3w. Od pocz\u0105tku jego istnienia opiekunem klubu jest pani Oliwia Sabat, w rejestrze centrum klub otrzyma\u0142 numer 154.<\/p>\n\n\n\n<p>        Idea Honorowego Krwiodawstwa niesie niezast\u0105pione warto\u015bci wychowawcze, tworzy pokolenie ludzi otwartych, bezinteresownych na ch\u0119\u0107 niesienia pomocy drugiemu cz\u0142owiekowi, ludzi warto\u015bciowych moralnie i spo\u0142ecznie. <\/p>\n\n\n\n<p>     Pe\u0142noletni uczniowie i pracownicy IV LO ka\u017cdego roku bior\u0105 udzia\u0142 w akcjach honorowego oddawania krwi na terenie szko\u0142y \u2013 akcje te nazwane zosta\u0142y Wampiriad\u0105; oraz przez ca\u0142y rok mog\u0105 oddawa\u0107 krew w Regionalnym Centrum Krwiodawstwa i Krwiolecznictwa w Kielcach i oddzia\u0142ach terenowych. Systematycznie uczniowie uczestnicz\u0105 w prelekcjach promuj\u0105cych honorowe krwiodawstwo prowadzonych przez opiekuna klubu. Ka\u017cdego roku ilo\u015b\u0107 sympatyk\u00f3w i czynnych krwiodawc\u00f3w stale ro\u015bnie. <\/p>\n\n\n\n<p><\/p>\n\n\n\n<p class=\"has-vivid-red-color has-text-color\"> Warto pami\u0119ta\u0107, \u017ce <strong>DAR KRWI DAREM \u017bYCIA<\/strong><\/p>\n\n\n\n<p><\/p>\n\n\n\n<figure class=\"wp-block-image size-full\"><img loading=\"lazy\" decoding=\"async\" width=\"800\" height=\"367\" src=\"http:\/\/4lo.kielce.eu\/wp-content\/uploads\/2022\/06\/lubisz-pomagac-oddaj-krew-100145.jpg\" alt=\"\" class=\"wp-image-3772\" srcset=\"https:\/\/4lo.kielce.eu\/wp-content\/uploads\/2022\/06\/lubisz-pomagac-oddaj-krew-100145.jpg 800w, https:\/\/4lo.kielce.eu\/wp-content\/uploads\/2022\/06\/lubisz-pomagac-oddaj-krew-100145-300x138.jpg 300w, https:\/\/4lo.kielce.eu\/wp-content\/uploads\/2022\/06\/lubisz-pomagac-oddaj-krew-100145-768x352.jpg 768w\" sizes=\"auto, (max-width: 800px) 100vw, 800px\" \/><\/figure>\n\n\n\n<p><strong><mark style=\"background-color:rgba(0, 0, 0, 0)\" class=\"has-inline-color has-luminous-vivid-orange-color\">POKAZUJ\u0104C, \u017bE DOJRZELI KA\u017bDY MATURZYSTA KRWI\u0104 SI\u0118 DZIELI (edycja V)<\/mark><\/strong><\/p>\n\n\n\n<p>Od 1.10.2025 rozpoczynamy kolejn\u0105 akcj\u0119 promuj\u0105c\u0105 honorowe krwiodawstwo skierowan\u0105 do wszystkich maturzyst\u00f3w, ich rodzin i znajomych. A\u017c do 17.04.2026 roku zach\u0119camy Was do podzielenia si\u0119 darem krwi w RCKiK lub oddzia\u0142ach terenowych. Najbardziej aktywna klasa otrzyma nagrod\u0119 pieni\u0119\u017cn\u0105 ufundowan\u0105 przez Rad\u0119 Rodzic\u00f3w. Szczeg\u00f3\u0142y u pani Oliwii Sabat lub pod poni\u017cszym linkiem:<\/p>\n\n\n\n<p><a href=\"https:\/\/padlet.com\/oliweczka4\/pokazuj-c-e-dojrzeli-ka-dy-maturzysta-krwi-si-dzieli-d70x2c96y7o5q1zb\">https:\/\/padlet.com\/oliweczka4\/pokazuj-c-e-dojrzeli-ka-dy-maturzysta-krwi-si-dzieli-d70x2c96y7o5q1zb<\/a><\/p>\n\n\n\n<p><\/p>\n\n\n\n<p><strong><mark style=\"background-color:rgba(0, 0, 0, 0)\" class=\"has-inline-color has-vivid-purple-color\">POKAZUJ\u0104C \u017bE DOJRZELI KA\u017bDY MATURZYSTA KRWI\u0104 SI\u0118 DZIELI (edycja IV)<\/mark><\/strong><\/p>\n\n\n\n<p><\/p>\n\n\n\n<p>W mijaj\u0105cym roku szkolnym 2024\/25 najbardziej aktywn\u0105 klas\u0105 w dziedzinie honorowego krwiodawstwa okaza\u0142a si\u0119 by\u0107 klasa 4D, kt\u00f3rej wychowawc\u0105 by\u0142a pani El\u017cbieta Cichy. Uczniowie otrzymali podzi\u0119kowania z r\u0105k pani dyrektor oraz nagrod\u0119 pieni\u0119\u017cn\u0105 w wysoko\u015bci 300 z\u0142. Szkolny Klub Honorowych Dawc\u00f3w Krwi sk\u0142ada serdeczne podzi\u0119kowania za DAR SERCA. <\/p>\n\n\n\n<figure class=\"wp-block-image size-large is-resized\"><img loading=\"lazy\" decoding=\"async\" width=\"1024\" height=\"767\" src=\"https:\/\/4lo.kielce.eu\/wp-content\/uploads\/2025\/04\/Zrzut-ekranu-2025-04-26-165929-1024x767.png\" alt=\"\" class=\"wp-image-8567\" style=\"width:506px;height:auto\" srcset=\"https:\/\/4lo.kielce.eu\/wp-content\/uploads\/2025\/04\/Zrzut-ekranu-2025-04-26-165929-1024x767.png 1024w, https:\/\/4lo.kielce.eu\/wp-content\/uploads\/2025\/04\/Zrzut-ekranu-2025-04-26-165929-300x225.png 300w, https:\/\/4lo.kielce.eu\/wp-content\/uploads\/2025\/04\/Zrzut-ekranu-2025-04-26-165929-768x575.png 768w, https:\/\/4lo.kielce.eu\/wp-content\/uploads\/2025\/04\/Zrzut-ekranu-2025-04-26-165929-240x180.png 240w, https:\/\/4lo.kielce.eu\/wp-content\/uploads\/2025\/04\/Zrzut-ekranu-2025-04-26-165929.png 1076w\" sizes=\"auto, (max-width: 1024px) 100vw, 1024px\" \/><\/figure>\n\n\n\n<p><\/p>\n\n\n\n<p>W roku szkolnym 2024\/25 zapraszamy wszystkich maturzyst\u00f3w do udzia\u0142u w IV edycji akcji POKAZUJ\u0104C \u017bE DOJRZELI KA\u017bDY MATURZYSTA KRWI\u0104 SI\u0118 DZIELI.  W terminie od 1.10.24 do 18.04.25 roku oddajecie drodzy maturzy\u015bci honorowo krew w siedzibie RCKiK i oddzia\u0142ach terenowych, zach\u0119cacie do tego rodzin\u0119 i znajomych. W kwietniu najbardziej aktywna klasa otrzyma nagrod\u0119. <\/p>\n\n\n\n<p>Wszystkie potrzebne informacje uzyskacie u pani Oliwii Sabat a tak\u017ce na padlecie wystarczy klikn\u0105\u0107 poni\u017cej w link:<\/p>\n\n\n\n<p><a href=\"https:\/\/padlet.com\/oliweczka4\/pokazuj-c-e-dojrzeli-ka-dy-maturzysta-krwi-si-dzieli-d70x2c96y7o5q1zb\">https:\/\/padlet.com\/oliweczka4\/pokazuj-c-e-dojrzeli-ka-dy-maturzysta-krwi-si-dzieli-d70x2c96y7o5q1zb<\/a><\/p>\n\n\n\n<p>Zach\u0119camy gor\u0105co do bezinteresownej pomocy innym. DAR KRWI DAREM \u017bYCIA. <\/p>\n\n\n\n<p><mark style=\"background-color:rgba(0, 0, 0, 0)\" class=\"has-inline-color has-vivid-red-color\"><strong>POKAZUJ\u0104C \u017bE DOJRZELI KA\u017bDY MATURZYSTA KRWI\u0104 SI\u0118 DZIELI (edycja III)<\/strong><\/mark><\/p>\n\n\n\n<p>W mijaj\u0105cym roku szkolnym 2023\/24 uda\u0142o si\u0119 wy\u0142oni\u0107 najbardziej aktywn\u0105 klas\u0119 w dziedzinie honorowego krwiodawstwa. Zwyci\u0119zcami zostali maturzy\u015bci z klasy 4E kt\u00f3rych wychowawc\u0105 by\u0142a pani Magdalena Rolska. Nagrod\u0119 pieni\u0119\u017cn\u0105 i podzi\u0119kowania wr\u0119czy\u0142a pani dyrektor Edyta Lato. ZA DAR SERCA SERDECZNIE DZI\u0118KUJEMY! <\/p>\n\n\n\n<p><strong>UWAGA MATURZY\u015aCI! <\/strong><\/p>\n\n\n\n<p>Rusza trzecia edycja akcji &#8222;<em>POKAZUJ\u0104C \u017bE DOJRZELI KA\u017bDY MATURZYSTA KRWI\u0104 SI\u0118 DZIELI<\/em>&#8222;. W terminie od 1.10.2023 do 17.04.2024 r oddajecie honorowo krew w RCKiK w Kielcach lub oddzia\u0142ach terenowych. Namawiacie do tego rodzin\u0119, znajomych. A w kwietniu najbardziej aktywna klasa otrzyma nagrod\u0119 pieni\u0119\u017cn\u0105. Szczeg\u00f3\u0142y poni\u017cej na padlecie: <\/p>\n\n\n\n<p><a href=\"https:\/\/padlet.com\/embed\/d70x2c96y7o5q1zb\">https:\/\/padlet.com\/embed\/d70x2c96y7o5q1zb<\/a><\/p>\n\n\n\n<p>Wszystkie informacje znajdziecie tak\u017ce na stronie regionalnego RCKiK w Kielcach:<\/p>\n\n\n\n<p><a href=\"https:\/\/www.rckik-kielce.com.pl\/\">https:\/\/www.rckik-kielce.com.pl\/<\/a><\/p>\n\n\n\n<p><mark style=\"background-color:rgba(0, 0, 0, 0)\" class=\"has-inline-color has-vivid-red-color\"><strong>MATURZYSTO PAMI\u0118TAJ &#8211; DAR KRWI DAREM \u017bYCIA!<\/strong><\/mark><\/p>\n\n\n\n<p><\/p>\n\n\n\n<p>W mijaj\u0105cym roku szkolnym 2022\/23 nie uda\u0142o si\u0119 wy\u0142oni\u0107 najbardziej aktywnej klasy w dziedzinie honorowego krwiodawstwa. Mamy nadziej\u0119, \u017ce nasi absolwenci ju\u017c w doros\u0142ym \u017cyciu zechc\u0105 dzieli\u0107 si\u0119 z potrzebuj\u0105cymi darem krwi i zasil\u0105 szeregi honorowych dawc\u00f3w krwi. <\/p>\n\n\n\n<p>W roku szkolnym 2021\/22 po raz drugi maturzy\u015bci wzi\u0119li udzia\u0142 w akcji <em>&#8222;POKAZUJ\u0104C \u017bE DOJRZELI KA\u017bDY<\/em> <em>MATURZYSTA KRWI\u0104 SI\u0118 DZIELI&#8221;<\/em>.  Akcja ma na celu promowanie honorowego krwiodawstwa w\u015br\u00f3d maturzyst\u00f3w, ich rodzin i znajomych. Klasa na konto kt\u00f3rej oddane zostanie najwi\u0119cej krwi otrzymuje nagrod\u0119 pieni\u0119\u017cn\u0105. W tym roku szkolnym najwi\u0119kszym sercem w dziedzinie honorowego krwiodawstwa podzieli\u0142a si\u0119 klasa 3Fg kt\u00f3rej wychowawc\u0105 by\u0142a pani Joanna Pacak &#8211; Chrzan. Uczniowie w dniu zako\u0144czenia roku szkolnego otrzymali od pani dyrektor podzi\u0119kowania i nagrod\u0119 pieni\u0119\u017cn\u0105. <\/p>\n\n\n\n<p>Szkolny Klub Honorowych Dawc\u00f3w Krwi sk\u0142ada serdeczne podzi\u0119kowania za <strong>Dar Serca<\/strong>.<\/p>\n","protected":false},"excerpt":{"rendered":"<p>14 czerwca obchodzimy \u015awiatowy Dzie\u0144 Krwiodawcy, z tej okazji zach\u0119camy wszystkich do zapoznania si\u0119 z istotnymi faktami dotycz\u0105cymi krwiodawstwa zamieszczonymi pod poni\u017cszym linkiem: https:\/\/www.kliklekarz.pl\/poradnik\/artykul\/swiatowy-dzien-krwiodawcy-dlaczego-warto-byc-dawca-krwi SZKOLNY KLUB HONOROWYCH DAWC\u00d3W KRWI W&#8230; <\/p>\n","protected":false},"author":36,"featured_media":1010,"parent":0,"menu_order":0,"comment_status":"closed","ping_status":"closed","template":"","meta":{"footnotes":""},"class_list":["post-899","page","type-page","status-publish","has-post-thumbnail","hentry"],"_links":{"self":[{"href":"https:\/\/4lo.kielce.eu\/index.php\/wp-json\/wp\/v2\/pages\/899","targetHints":{"allow":["GET"]}}],"collection":[{"href":"https:\/\/4lo.kielce.eu\/index.php\/wp-json\/wp\/v2\/pages"}],"about":[{"href":"https:\/\/4lo.kielce.eu\/index.php\/wp-json\/wp\/v2\/types\/page"}],"author":[{"embeddable":true,"href":"https:\/\/4lo.kielce.eu\/index.php\/wp-json\/wp\/v2\/users\/36"}],"replies":[{"embeddable":true,"href":"https:\/\/4lo.kielce.eu\/index.php\/wp-json\/wp\/v2\/comments?post=899"}],"version-history":[{"count":15,"href":"https:\/\/4lo.kielce.eu\/index.php\/wp-json\/wp\/v2\/pages\/899\/revisions"}],"predecessor-version":[{"id":9060,"href":"https:\/\/4lo.kielce.eu\/index.php\/wp-json\/wp\/v2\/pages\/899\/revisions\/9060"}],"wp:featuredmedia":[{"embeddable":true,"href":"https:\/\/4lo.kielce.eu\/index.php\/wp-json\/wp\/v2\/media\/1010"}],"wp:attachment":[{"href":"https:\/\/4lo.kielce.eu\/index.php\/wp-json\/wp\/v2\/media?parent=899"}],"curies":[{"name":"wp","href":"https:\/\/api.w.org\/{rel}","templated":true}]}}