{"id":876,"date":"2020-02-27T21:31:46","date_gmt":"2020-02-27T20:31:46","guid":{"rendered":"http:\/\/4lo.kielce.eu\/?page_id=876"},"modified":"2022-02-24T16:03:20","modified_gmt":"2022-02-24T15:03:20","slug":"uniwersytet-im-j-kochanowskiego","status":"publish","type":"page","link":"https:\/\/4lo.kielce.eu\/index.php\/uniwersytet-im-j-kochanowskiego\/","title":{"rendered":"Uniwersytet im. J. Kochanowskiego"},"content":{"rendered":"\n<figure class=\"wp-block-image size-large\"><img loading=\"lazy\" decoding=\"async\" width=\"1024\" height=\"758\" src=\"http:\/\/4lo.kielce.eu\/wp-content\/uploads\/2021\/12\/tablica-1024x758.jpg\" alt=\"\" class=\"wp-image-2816\" srcset=\"https:\/\/4lo.kielce.eu\/wp-content\/uploads\/2021\/12\/tablica-1024x758.jpg 1024w, https:\/\/4lo.kielce.eu\/wp-content\/uploads\/2021\/12\/tablica-300x222.jpg 300w, https:\/\/4lo.kielce.eu\/wp-content\/uploads\/2021\/12\/tablica-768x568.jpg 768w, https:\/\/4lo.kielce.eu\/wp-content\/uploads\/2021\/12\/tablica-1536x1137.jpg 1536w, https:\/\/4lo.kielce.eu\/wp-content\/uploads\/2021\/12\/tablica-2048x1516.jpg 2048w\" sizes=\"auto, (max-width: 1024px) 100vw, 1024px\" \/><\/figure>\n\n\n\n\n\n<p><strong>UMOWA Z UJK<\/strong><\/p>\n\n\n\n<p>  Uczniowie klas pierwszych byli \u015bwiadkami niecodziennego wydarzenia. W ich obecno\u015bci<br>1 wrze\u015bnia 2021r. zosta\u0142a zawarta umowa patronacka pomi\u0119dzy IV Liceum Og\u00f3lnokszta\u0142c\u0105cym<br>a  Wydzia\u0142em  Nauk \u015acis\u0142ych i Przyrodniczych  Uniwersytetu Jana Kochanowskiego w Kielcach, kt\u00f3r\u0105  podpisali  Pani Dyrektor Edyta Lato i Dziekan Wydzia\u0142u Nauk \u015acis\u0142ych i Przyrodniczych dr hab. Dariusz Bana\u015b prof. UJK. Na uroczysto\u015bci Uczelni\u0119 reprezentowa\u0142 dr Artur Michalik, wicedyrektor Instytutu Chemii UJK.<br>Umowa ma zapewni\u0107 uczniom udzia\u0142 w seminariach, wyk\u0142adach i laboratoriach organizowanych<br>przez Instytut Chemii, kt\u00f3ry b\u0119dzie sprawowa\u0142 patronat nad nasz\u0105 szko\u0142\u0105. <\/p>\n\n\n\n<div class=\"wp-block-image\"><figure class=\"aligncenter size-large is-resized\"><img loading=\"lazy\" decoding=\"async\" src=\"http:\/\/4lo.kielce.eu\/wp-content\/uploads\/2021\/09\/img_0001-1024x732.jpg\" alt=\"\" class=\"wp-image-2382\" width=\"511\" height=\"365\" srcset=\"https:\/\/4lo.kielce.eu\/wp-content\/uploads\/2021\/09\/img_0001-1024x732.jpg 1024w, https:\/\/4lo.kielce.eu\/wp-content\/uploads\/2021\/09\/img_0001-300x214.jpg 300w, https:\/\/4lo.kielce.eu\/wp-content\/uploads\/2021\/09\/img_0001-768x549.jpg 768w, https:\/\/4lo.kielce.eu\/wp-content\/uploads\/2021\/09\/img_0001-1536x1097.jpg 1536w, https:\/\/4lo.kielce.eu\/wp-content\/uploads\/2021\/09\/img_0001-2048x1463.jpg 2048w\" sizes=\"auto, (max-width: 511px) 100vw, 511px\" \/><\/figure><\/div>\n\n\n\n<p>  25 listopada, w naszej szkole, mia\u0142o miejsce uroczyste ods\u0142oni\u0119cie tablicy upami\u0119tniaj\u0105cej wsp\u00f3\u0142prac\u0119 mi\u0119dzy UJK i IV LO. Na pocz\u0105tku uczniowie odczytali podzi\u0119kowania dla w\u0142adz Uniwersytetu za mo\u017cliwo\u015b\u0107 kooperacji z uczelni\u0105 co przyczyni si\u0119 do jeszcze lepszych wynik\u00f3w na egzaminie maturalnym. Nast\u0119pnie przedstawiciel uczelni, pan doktor Artur Michalik razem z pani\u0105 dyrektor Edyt\u0105 Lato wsp\u00f3lnie ods\u0142onili tablic\u0119. Pani dyrektor wyrazi\u0142a swoje uznanie dla uczelni za stworzenie lepszych warunk\u00f3w rozwoju m\u0142odzie\u017cy IV LO w dziedzinie chemii. Nast\u0119pnie pani doktor Magdalena Marcinkowska wyg\u0142osi\u0142a wyk\u0142ad dotycz\u0105cy zapach\u00f3w, kt\u00f3ry zach\u0119ci\u0142 licealist\u00f3w do zg\u0142\u0119biania sk\u0142adu chemicznego u\u017cywanych kosmetyk\u00f3w.<\/p>\n\n\n\n<div class=\"wp-block-image\"><figure class=\"aligncenter size-large\"><img loading=\"lazy\" decoding=\"async\" width=\"661\" height=\"1024\" src=\"http:\/\/4lo.kielce.eu\/wp-content\/uploads\/2021\/12\/DSC3086-661x1024.jpg\" alt=\"\" class=\"wp-image-2936\" srcset=\"https:\/\/4lo.kielce.eu\/wp-content\/uploads\/2021\/12\/DSC3086-661x1024.jpg 661w, https:\/\/4lo.kielce.eu\/wp-content\/uploads\/2021\/12\/DSC3086-194x300.jpg 194w, https:\/\/4lo.kielce.eu\/wp-content\/uploads\/2021\/12\/DSC3086-768x1190.jpg 768w, https:\/\/4lo.kielce.eu\/wp-content\/uploads\/2021\/12\/DSC3086-992x1536.jpg 992w, https:\/\/4lo.kielce.eu\/wp-content\/uploads\/2021\/12\/DSC3086-1322x2048.jpg 1322w, https:\/\/4lo.kielce.eu\/wp-content\/uploads\/2021\/12\/DSC3086-scaled.jpg 1653w\" sizes=\"auto, (max-width: 661px) 100vw, 661px\" \/><\/figure><\/div>\n\n\n\n<div class=\"wp-block-image\"><figure class=\"aligncenter size-large\"><img loading=\"lazy\" decoding=\"async\" width=\"669\" height=\"1024\" src=\"http:\/\/4lo.kielce.eu\/wp-content\/uploads\/2021\/12\/DSC3087-669x1024.jpg\" alt=\"\" class=\"wp-image-2937\" srcset=\"https:\/\/4lo.kielce.eu\/wp-content\/uploads\/2021\/12\/DSC3087-669x1024.jpg 669w, https:\/\/4lo.kielce.eu\/wp-content\/uploads\/2021\/12\/DSC3087-196x300.jpg 196w, https:\/\/4lo.kielce.eu\/wp-content\/uploads\/2021\/12\/DSC3087-768x1175.jpg 768w, https:\/\/4lo.kielce.eu\/wp-content\/uploads\/2021\/12\/DSC3087-1004x1536.jpg 1004w, https:\/\/4lo.kielce.eu\/wp-content\/uploads\/2021\/12\/DSC3087-1339x2048.jpg 1339w, https:\/\/4lo.kielce.eu\/wp-content\/uploads\/2021\/12\/DSC3087-scaled.jpg 1673w\" sizes=\"auto, (max-width: 669px) 100vw, 669px\" \/><\/figure><\/div>\n","protected":false},"excerpt":{"rendered":"<p>UMOWA Z UJK Uczniowie klas pierwszych byli \u015bwiadkami niecodziennego wydarzenia. W ich obecno\u015bci1 wrze\u015bnia 2021r. zosta\u0142a zawarta umowa patronacka pomi\u0119dzy IV Liceum Og\u00f3lnokszta\u0142c\u0105cyma Wydzia\u0142em Nauk \u015acis\u0142ych i Przyrodniczych Uniwersytetu Jana&#8230; <\/p>\n","protected":false},"author":1,"featured_media":0,"parent":0,"menu_order":0,"comment_status":"closed","ping_status":"closed","template":"","meta":{"footnotes":""},"class_list":["post-876","page","type-page","status-publish","hentry"],"_links":{"self":[{"href":"https:\/\/4lo.kielce.eu\/index.php\/wp-json\/wp\/v2\/pages\/876","targetHints":{"allow":["GET"]}}],"collection":[{"href":"https:\/\/4lo.kielce.eu\/index.php\/wp-json\/wp\/v2\/pages"}],"about":[{"href":"https:\/\/4lo.kielce.eu\/index.php\/wp-json\/wp\/v2\/types\/page"}],"author":[{"embeddable":true,"href":"https:\/\/4lo.kielce.eu\/index.php\/wp-json\/wp\/v2\/users\/1"}],"replies":[{"embeddable":true,"href":"https:\/\/4lo.kielce.eu\/index.php\/wp-json\/wp\/v2\/comments?post=876"}],"version-history":[{"count":8,"href":"https:\/\/4lo.kielce.eu\/index.php\/wp-json\/wp\/v2\/pages\/876\/revisions"}],"predecessor-version":[{"id":3304,"href":"https:\/\/4lo.kielce.eu\/index.php\/wp-json\/wp\/v2\/pages\/876\/revisions\/3304"}],"wp:attachment":[{"href":"https:\/\/4lo.kielce.eu\/index.php\/wp-json\/wp\/v2\/media?parent=876"}],"curies":[{"name":"wp","href":"https:\/\/api.w.org\/{rel}","templated":true}]}}