{"id":7083,"date":"2024-09-09T11:47:44","date_gmt":"2024-09-09T09:47:44","guid":{"rendered":"http:\/\/4lo.kielce.eu\/?page_id=7083"},"modified":"2024-10-03T09:38:45","modified_gmt":"2024-10-03T07:38:45","slug":"standardy-ochrony","status":"publish","type":"page","link":"https:\/\/4lo.kielce.eu\/index.php\/standardy-ochrony\/","title":{"rendered":"Standardy ochrony dzieci i m\u0142odzie\u017cy"},"content":{"rendered":"\n<p><a href=\"http:\/\/4lo.kielce.eu\/wp-content\/uploads\/2024\/09\/Standardy-ochrony-dzieci-i-mlodziezy-w-IV-LO-w-Kielcach.pdf\" data-type=\"URL\" data-id=\"http:\/\/4lo.kielce.eu\/wp-content\/uploads\/2024\/09\/Standardy-ochrony-dzieci-i-mlodziezy-w-IV-LO-w-Kielcach.pdf\" target=\"_blank\" rel=\"noreferrer noopener\">STANDARDY OCHRONY DZIECI I M\u0141ODZIE\u017bY PRZED KRZYWDZENIEM W IV LICEUM OG\u00d3LNOKSZTA\u0141C\u0104CYM W KIELCACH<\/a><\/p>\n\n\n\n<p><a href=\"http:\/\/4lo.kielce.eu\/wp-content\/uploads\/2024\/09\/Polityka-ochrony-dzieci-i-mlodziezy-w-IV-LO-w-Kielcach.pdf\" data-type=\"URL\" data-id=\"http:\/\/4lo.kielce.eu\/wp-content\/uploads\/2024\/09\/Polityka-ochrony-dzieci-i-mlodziezy-w-IV-LO-w-Kielcach.pdf\" target=\"_blank\" rel=\"noreferrer noopener\">POLITYKA OCHRONY DZIECI I M\u0141ODZIE\u017bY PRZED KRZYWDZENIEM ORAZ ZAPEWNIENIA IM BEZPIECZE\u0143STWA W IV LICEUM OG\u00d3LNOKSZTA\u0141CACYM W KIELCACH<\/a><\/p>\n\n\n\n<p><mark style=\"background-color:rgba(0, 0, 0, 0)\" class=\"has-inline-color has-vivid-red-color\">NASZA SZKO\u0141A PROMUJE WYCHOWANIE BEZ PRZEMOCY<\/mark><\/p>\n\n\n\n<figure class=\"wp-block-image size-full\"><img loading=\"lazy\" decoding=\"async\" width=\"490\" height=\"543\" src=\"http:\/\/4lo.kielce.eu\/wp-content\/uploads\/2024\/09\/numery.jpg\" alt=\"\" class=\"wp-image-7190\" srcset=\"https:\/\/4lo.kielce.eu\/wp-content\/uploads\/2024\/09\/numery.jpg 490w, https:\/\/4lo.kielce.eu\/wp-content\/uploads\/2024\/09\/numery-271x300.jpg 271w\" sizes=\"auto, (max-width: 490px) 100vw, 490px\" \/><\/figure>\n\n\n\n<figure class=\"wp-block-image size-full\"><img loading=\"lazy\" decoding=\"async\" width=\"740\" height=\"524\" src=\"http:\/\/4lo.kielce.eu\/wp-content\/uploads\/2024\/09\/contain-932-524-max-som.png\" alt=\"\" class=\"wp-image-7194\" srcset=\"https:\/\/4lo.kielce.eu\/wp-content\/uploads\/2024\/09\/contain-932-524-max-som.png 740w, https:\/\/4lo.kielce.eu\/wp-content\/uploads\/2024\/09\/contain-932-524-max-som-300x212.png 300w\" sizes=\"auto, (max-width: 740px) 100vw, 740px\" \/><\/figure>\n\n\n\n<p><mark style=\"background-color:rgba(0, 0, 0, 0)\" class=\"has-inline-color has-vivid-red-color\"><strong>KTO MO\u017bE MI POM\u00d3C<\/strong><\/mark><\/p>\n\n\n\n<p><mark style=\"background-color:rgba(0, 0, 0, 0)\" class=\"has-inline-color has-vivid-green-cyan-color\">W szkole:<\/mark><\/p>\n\n\n\n<ol class=\"wp-block-list\">\n<li>wychowawca,<\/li>\n\n\n\n<li>nauczyciel, kt\u00f3remu ufasz,<\/li>\n\n\n\n<li>pedagog, psycholog,<\/li>\n\n\n\n<li>dyrektor<\/li>\n\n\n\n<li>ulubiona wo\u017ana. <\/li>\n<\/ol>\n\n\n\n<p><mark style=\"background-color:rgba(0, 0, 0, 0)\" class=\"has-inline-color has-vivid-green-cyan-color\">W domu:<\/mark><\/p>\n\n\n\n<ol class=\"wp-block-list\">\n<li>rodzice,<\/li>\n\n\n\n<li>starsze lub m\u0142odsze rodze\u0144stwo,<\/li>\n\n\n\n<li>ukochana babunia lub dziadek, ciocia&#8230;<\/li>\n<\/ol>\n\n\n\n<p><mark style=\"background-color:rgba(0, 0, 0, 0)\" class=\"has-inline-color has-vivid-green-cyan-color\">Poza domem:<\/mark><\/p>\n\n\n\n<ol class=\"wp-block-list\">\n<li>psychoterapeuta,<\/li>\n\n\n\n<li>lekarz psychiatra, <\/li>\n\n\n\n<li>kto\u015b zaufany&#8230;<\/li>\n<\/ol>\n\n\n\n<p><strong><mark style=\"background-color:rgba(0, 0, 0, 0)\" class=\"has-inline-color has-pale-pink-color\">NIE B\u00d3J SI\u0118 SZUKA\u0106 POMOCY I O NI\u0104 PROSI\u0106<\/mark><\/strong><\/p>\n\n\n\n<p><\/p>\n","protected":false},"excerpt":{"rendered":"<p>STANDARDY OCHRONY DZIECI I M\u0141ODZIE\u017bY PRZED KRZYWDZENIEM W IV LICEUM OG\u00d3LNOKSZTA\u0141C\u0104CYM W KIELCACH POLITYKA OCHRONY DZIECI I M\u0141ODZIE\u017bY PRZED KRZYWDZENIEM ORAZ ZAPEWNIENIA IM BEZPIECZE\u0143STWA W IV LICEUM OG\u00d3LNOKSZTA\u0141CACYM W KIELCACH&#8230; <\/p>\n","protected":false},"author":34,"featured_media":0,"parent":0,"menu_order":0,"comment_status":"closed","ping_status":"closed","template":"","meta":{"footnotes":""},"class_list":["post-7083","page","type-page","status-publish","hentry"],"_links":{"self":[{"href":"https:\/\/4lo.kielce.eu\/index.php\/wp-json\/wp\/v2\/pages\/7083","targetHints":{"allow":["GET"]}}],"collection":[{"href":"https:\/\/4lo.kielce.eu\/index.php\/wp-json\/wp\/v2\/pages"}],"about":[{"href":"https:\/\/4lo.kielce.eu\/index.php\/wp-json\/wp\/v2\/types\/page"}],"author":[{"embeddable":true,"href":"https:\/\/4lo.kielce.eu\/index.php\/wp-json\/wp\/v2\/users\/34"}],"replies":[{"embeddable":true,"href":"https:\/\/4lo.kielce.eu\/index.php\/wp-json\/wp\/v2\/comments?post=7083"}],"version-history":[{"count":7,"href":"https:\/\/4lo.kielce.eu\/index.php\/wp-json\/wp\/v2\/pages\/7083\/revisions"}],"predecessor-version":[{"id":7328,"href":"https:\/\/4lo.kielce.eu\/index.php\/wp-json\/wp\/v2\/pages\/7083\/revisions\/7328"}],"wp:attachment":[{"href":"https:\/\/4lo.kielce.eu\/index.php\/wp-json\/wp\/v2\/media?parent=7083"}],"curies":[{"name":"wp","href":"https:\/\/api.w.org\/{rel}","templated":true}]}}