{"id":6981,"date":"2024-08-06T11:24:49","date_gmt":"2024-08-06T09:24:49","guid":{"rendered":"http:\/\/4lo.kielce.eu\/?page_id=6981"},"modified":"2024-08-06T12:01:32","modified_gmt":"2024-08-06T10:01:32","slug":"projekt-dzis-uczen-jutro-student","status":"publish","type":"page","link":"https:\/\/4lo.kielce.eu\/index.php\/projekt-dzis-uczen-jutro-student\/","title":{"rendered":"Projekt &#8222;Dzi\u015b ucze\u0144 jutro student&#8221;"},"content":{"rendered":"\n<figure class=\"wp-block-image size-large\"><img loading=\"lazy\" decoding=\"async\" width=\"1024\" height=\"683\" src=\"http:\/\/4lo.kielce.eu\/wp-content\/uploads\/2024\/08\/uczen-student-2048x1366-1-1024x683.jpg\" alt=\"\" class=\"wp-image-6987\" srcset=\"https:\/\/4lo.kielce.eu\/wp-content\/uploads\/2024\/08\/uczen-student-2048x1366-1-1024x683.jpg 1024w, https:\/\/4lo.kielce.eu\/wp-content\/uploads\/2024\/08\/uczen-student-2048x1366-1-300x200.jpg 300w, https:\/\/4lo.kielce.eu\/wp-content\/uploads\/2024\/08\/uczen-student-2048x1366-1-768x512.jpg 768w, https:\/\/4lo.kielce.eu\/wp-content\/uploads\/2024\/08\/uczen-student-2048x1366-1-1536x1025.jpg 1536w, https:\/\/4lo.kielce.eu\/wp-content\/uploads\/2024\/08\/uczen-student-2048x1366-1.jpg 2048w\" sizes=\"auto, (max-width: 1024px) 100vw, 1024px\" \/><\/figure>\n\n\n\n<div class=\"wp-block-group\"><div class=\"wp-block-group__inner-container is-layout-constrained wp-block-group-is-layout-constrained\">\n<p>Projekt <a href=\"https:\/\/dujs.tu.kielce.pl\/aktualnosci\/\">&#8222;Dzi\u015b ucze\u0144 jutro student&#8221;<\/a> to projekt, kt\u00f3rego  Partnerem Wiod\u0105cym jest Politechnika \u015awi\u0119tokrzyska, kt\u00f3ra b\u0119dzie realizowa\u0107 poszczeg\u00f3lne zadania w Partnerstwie z Uniwersytetem Jana Kochanowskiego i Starostwami powiatowymi. <\/p>\n\n\n\n<p>Ze wsparcia skorzysta ponad 9 tys. \u015bwi\u0119tokrzyskich uczni\u00f3w szk\u00f3\u0142 \u015brednich, w trakcie realizacji projektu. Umowa przewiduje ponad 55 mln z\u0142 unijnego dofinansowania z programu Fundusze Europejskie dla \u015awi\u0119tokrzyskiego 2021-2027. <\/p>\n\n\n\n<p>Dla m\u0142odzie\u017cy klas 3 i 4 LO oraz 4 i 5 Technikum, uczestnicz\u0105cej w projekcie, zaplanowano m.in. warsztaty z niestandardowego doradztwa zawodowego, zaj\u0119cia praktyczne na uczelniach wy\u017cszych (m. in. laboratoria, warsztaty, wyk\u0142ady), ponadto zaj\u0119cia z przedmiot\u00f3w matematyczno-przyrodniczych (matematyka, fizyka, informatyka, chemia, biologia, geografia) oraz z j\u0119zyka angielskiego specjalistycznego, a tak\u017ce warsztaty z efektywnego uczenia.<\/p>\n<\/div><\/div>\n\n\n\n<p><strong><mark style=\"background-color:rgba(0, 0, 0, 0)\" class=\"has-inline-color has-vivid-cyan-blue-color\">Rok szkolny 2023\/2024<\/mark><\/strong><\/p>\n\n\n\n<p><mark style=\"background-color:rgba(0, 0, 0, 0)\" class=\"has-inline-color has-vivid-cyan-blue-color\">W roku szkolnym 2023\/2024, uczniowie IV Liceum Og\u00f3lnokszta\u0142c\u0105cego w Kielcach brali udzia\u0142 w r\u00f3\u017cnorodnych zaj\u0119ciach orgaznizowanych przez Politechnik\u0119 \u015awi\u0119tokrzysk\u0105 oraz Uniwersytet Jana Kochanowskiego w Kielcach. By\u0142y to m.in. :<\/mark><\/p>\n\n\n\n<ul class=\"wp-block-list\">\n<li><mark style=\"background-color:rgba(0, 0, 0, 0)\" class=\"has-inline-color has-vivid-cyan-blue-color\">praktyczne warsztaty i wyk\u0142ady<\/mark><\/li>\n\n\n\n<li><mark style=\"background-color:rgba(0, 0, 0, 0)\" class=\"has-inline-color has-vivid-cyan-blue-color\">wyk\u0142ady z Pracodawcami<\/mark><\/li>\n\n\n\n<li><mark style=\"background-color:rgba(0, 0, 0, 0)\" class=\"has-inline-color has-vivid-cyan-blue-color\">zaj\u0119cia w zakresie przedmiot\u00f3w matematyczno-przyrodniczych<\/mark><\/li>\n\n\n\n<li><mark style=\"background-color:rgba(0, 0, 0, 0)\" class=\"has-inline-color has-vivid-cyan-blue-color\">Festiwal nauki i techniki<\/mark>\n<ul class=\"wp-block-list\"><\/ul>\n<\/li>\n<\/ul>\n\n\n\n<figure class=\"wp-block-image size-full\"><img loading=\"lazy\" decoding=\"async\" width=\"960\" height=\"960\" src=\"http:\/\/4lo.kielce.eu\/wp-content\/uploads\/2024\/08\/5.jpg\" alt=\"\" class=\"wp-image-6997\" srcset=\"https:\/\/4lo.kielce.eu\/wp-content\/uploads\/2024\/08\/5.jpg 960w, https:\/\/4lo.kielce.eu\/wp-content\/uploads\/2024\/08\/5-300x300.jpg 300w, https:\/\/4lo.kielce.eu\/wp-content\/uploads\/2024\/08\/5-150x150.jpg 150w, https:\/\/4lo.kielce.eu\/wp-content\/uploads\/2024\/08\/5-768x768.jpg 768w\" sizes=\"auto, (max-width: 960px) 100vw, 960px\" \/><\/figure>\n\n\n\n<figure class=\"wp-block-image size-full\"><img loading=\"lazy\" decoding=\"async\" width=\"960\" height=\"960\" src=\"http:\/\/4lo.kielce.eu\/wp-content\/uploads\/2024\/08\/6.jpg\" alt=\"\" class=\"wp-image-6998\" srcset=\"https:\/\/4lo.kielce.eu\/wp-content\/uploads\/2024\/08\/6.jpg 960w, https:\/\/4lo.kielce.eu\/wp-content\/uploads\/2024\/08\/6-300x300.jpg 300w, https:\/\/4lo.kielce.eu\/wp-content\/uploads\/2024\/08\/6-150x150.jpg 150w, https:\/\/4lo.kielce.eu\/wp-content\/uploads\/2024\/08\/6-768x768.jpg 768w\" sizes=\"auto, (max-width: 960px) 100vw, 960px\" \/><\/figure>\n\n\n\n<figure class=\"wp-block-image size-large\"><img loading=\"lazy\" decoding=\"async\" width=\"1024\" height=\"768\" src=\"http:\/\/4lo.kielce.eu\/wp-content\/uploads\/2024\/08\/1-1024x768.jpg\" alt=\"\" class=\"wp-image-6988\" srcset=\"https:\/\/4lo.kielce.eu\/wp-content\/uploads\/2024\/08\/1-1024x768.jpg 1024w, https:\/\/4lo.kielce.eu\/wp-content\/uploads\/2024\/08\/1-300x225.jpg 300w, https:\/\/4lo.kielce.eu\/wp-content\/uploads\/2024\/08\/1-768x576.jpg 768w, https:\/\/4lo.kielce.eu\/wp-content\/uploads\/2024\/08\/1-1536x1152.jpg 1536w, https:\/\/4lo.kielce.eu\/wp-content\/uploads\/2024\/08\/1-240x180.jpg 240w, https:\/\/4lo.kielce.eu\/wp-content\/uploads\/2024\/08\/1.jpg 1600w\" sizes=\"auto, (max-width: 1024px) 100vw, 1024px\" \/><\/figure>\n\n\n\n<figure class=\"wp-block-image size-full\"><img loading=\"lazy\" decoding=\"async\" width=\"960\" height=\"960\" src=\"http:\/\/4lo.kielce.eu\/wp-content\/uploads\/2024\/08\/7.jpg\" alt=\"\" class=\"wp-image-6999\" srcset=\"https:\/\/4lo.kielce.eu\/wp-content\/uploads\/2024\/08\/7.jpg 960w, https:\/\/4lo.kielce.eu\/wp-content\/uploads\/2024\/08\/7-300x300.jpg 300w, https:\/\/4lo.kielce.eu\/wp-content\/uploads\/2024\/08\/7-150x150.jpg 150w, https:\/\/4lo.kielce.eu\/wp-content\/uploads\/2024\/08\/7-768x768.jpg 768w\" sizes=\"auto, (max-width: 960px) 100vw, 960px\" \/><\/figure>\n\n\n\n<figure class=\"wp-block-image size-full\"><img loading=\"lazy\" decoding=\"async\" width=\"960\" height=\"720\" src=\"http:\/\/4lo.kielce.eu\/wp-content\/uploads\/2024\/08\/8.jpg\" alt=\"\" class=\"wp-image-7000\" srcset=\"https:\/\/4lo.kielce.eu\/wp-content\/uploads\/2024\/08\/8.jpg 960w, https:\/\/4lo.kielce.eu\/wp-content\/uploads\/2024\/08\/8-300x225.jpg 300w, https:\/\/4lo.kielce.eu\/wp-content\/uploads\/2024\/08\/8-768x576.jpg 768w, https:\/\/4lo.kielce.eu\/wp-content\/uploads\/2024\/08\/8-240x180.jpg 240w\" sizes=\"auto, (max-width: 960px) 100vw, 960px\" \/><\/figure>\n\n\n\n<figure class=\"wp-block-image size-full\"><img loading=\"lazy\" decoding=\"async\" width=\"960\" height=\"720\" src=\"http:\/\/4lo.kielce.eu\/wp-content\/uploads\/2024\/08\/9.jpg\" alt=\"\" class=\"wp-image-7001\" srcset=\"https:\/\/4lo.kielce.eu\/wp-content\/uploads\/2024\/08\/9.jpg 960w, https:\/\/4lo.kielce.eu\/wp-content\/uploads\/2024\/08\/9-300x225.jpg 300w, https:\/\/4lo.kielce.eu\/wp-content\/uploads\/2024\/08\/9-768x576.jpg 768w, https:\/\/4lo.kielce.eu\/wp-content\/uploads\/2024\/08\/9-240x180.jpg 240w\" sizes=\"auto, (max-width: 960px) 100vw, 960px\" \/><\/figure>\n\n\n\n<figure class=\"wp-block-image size-full\"><img loading=\"lazy\" decoding=\"async\" width=\"800\" height=\"533\" src=\"http:\/\/4lo.kielce.eu\/wp-content\/uploads\/2024\/08\/2.jpg\" alt=\"\" class=\"wp-image-6990\" srcset=\"https:\/\/4lo.kielce.eu\/wp-content\/uploads\/2024\/08\/2.jpg 800w, https:\/\/4lo.kielce.eu\/wp-content\/uploads\/2024\/08\/2-300x200.jpg 300w, https:\/\/4lo.kielce.eu\/wp-content\/uploads\/2024\/08\/2-768x512.jpg 768w\" sizes=\"auto, (max-width: 800px) 100vw, 800px\" \/><\/figure>\n\n\n\n<figure class=\"wp-block-image size-large\"><img loading=\"lazy\" decoding=\"async\" width=\"1024\" height=\"682\" src=\"http:\/\/4lo.kielce.eu\/wp-content\/uploads\/2024\/08\/10-1024x682.jpg\" alt=\"\" class=\"wp-image-7002\" srcset=\"https:\/\/4lo.kielce.eu\/wp-content\/uploads\/2024\/08\/10-1024x682.jpg 1024w, https:\/\/4lo.kielce.eu\/wp-content\/uploads\/2024\/08\/10-300x200.jpg 300w, https:\/\/4lo.kielce.eu\/wp-content\/uploads\/2024\/08\/10-768x512.jpg 768w, https:\/\/4lo.kielce.eu\/wp-content\/uploads\/2024\/08\/10-1536x1024.jpg 1536w, https:\/\/4lo.kielce.eu\/wp-content\/uploads\/2024\/08\/10.jpg 2000w\" sizes=\"auto, (max-width: 1024px) 100vw, 1024px\" \/><\/figure>\n\n\n\n<figure class=\"wp-block-image size-large\"><img loading=\"lazy\" decoding=\"async\" width=\"1024\" height=\"683\" src=\"http:\/\/4lo.kielce.eu\/wp-content\/uploads\/2024\/08\/11-1024x683.jpg\" alt=\"\" class=\"wp-image-7003\" srcset=\"https:\/\/4lo.kielce.eu\/wp-content\/uploads\/2024\/08\/11-1024x683.jpg 1024w, https:\/\/4lo.kielce.eu\/wp-content\/uploads\/2024\/08\/11-300x200.jpg 300w, https:\/\/4lo.kielce.eu\/wp-content\/uploads\/2024\/08\/11-768x512.jpg 768w, https:\/\/4lo.kielce.eu\/wp-content\/uploads\/2024\/08\/11-1536x1025.jpg 1536w, https:\/\/4lo.kielce.eu\/wp-content\/uploads\/2024\/08\/11.jpg 2048w\" sizes=\"auto, (max-width: 1024px) 100vw, 1024px\" \/><\/figure>\n\n\n\n<figure class=\"wp-block-image size-large\"><img loading=\"lazy\" decoding=\"async\" width=\"1024\" height=\"741\" src=\"http:\/\/4lo.kielce.eu\/wp-content\/uploads\/2024\/08\/festiwal-nauki-PSk-1024x741.jpg\" alt=\"\" class=\"wp-image-6995\" srcset=\"https:\/\/4lo.kielce.eu\/wp-content\/uploads\/2024\/08\/festiwal-nauki-PSk-1024x741.jpg 1024w, https:\/\/4lo.kielce.eu\/wp-content\/uploads\/2024\/08\/festiwal-nauki-PSk-300x217.jpg 300w, https:\/\/4lo.kielce.eu\/wp-content\/uploads\/2024\/08\/festiwal-nauki-PSk-768x556.jpg 768w, https:\/\/4lo.kielce.eu\/wp-content\/uploads\/2024\/08\/festiwal-nauki-PSk-1536x1112.jpg 1536w, https:\/\/4lo.kielce.eu\/wp-content\/uploads\/2024\/08\/festiwal-nauki-PSk.jpg 2048w\" sizes=\"auto, (max-width: 1024px) 100vw, 1024px\" \/><\/figure>\n","protected":false},"excerpt":{"rendered":"<p>Projekt &#8222;Dzi\u015b ucze\u0144 jutro student&#8221; to projekt, kt\u00f3rego Partnerem Wiod\u0105cym jest Politechnika \u015awi\u0119tokrzyska, kt\u00f3ra b\u0119dzie realizowa\u0107 poszczeg\u00f3lne zadania w Partnerstwie z Uniwersytetem Jana Kochanowskiego i Starostwami powiatowymi. Ze wsparcia skorzysta&#8230; <\/p>\n","protected":false},"author":4,"featured_media":0,"parent":0,"menu_order":0,"comment_status":"closed","ping_status":"closed","template":"","meta":{"footnotes":""},"class_list":["post-6981","page","type-page","status-publish","hentry"],"_links":{"self":[{"href":"https:\/\/4lo.kielce.eu\/index.php\/wp-json\/wp\/v2\/pages\/6981","targetHints":{"allow":["GET"]}}],"collection":[{"href":"https:\/\/4lo.kielce.eu\/index.php\/wp-json\/wp\/v2\/pages"}],"about":[{"href":"https:\/\/4lo.kielce.eu\/index.php\/wp-json\/wp\/v2\/types\/page"}],"author":[{"embeddable":true,"href":"https:\/\/4lo.kielce.eu\/index.php\/wp-json\/wp\/v2\/users\/4"}],"replies":[{"embeddable":true,"href":"https:\/\/4lo.kielce.eu\/index.php\/wp-json\/wp\/v2\/comments?post=6981"}],"version-history":[{"count":4,"href":"https:\/\/4lo.kielce.eu\/index.php\/wp-json\/wp\/v2\/pages\/6981\/revisions"}],"predecessor-version":[{"id":7006,"href":"https:\/\/4lo.kielce.eu\/index.php\/wp-json\/wp\/v2\/pages\/6981\/revisions\/7006"}],"wp:attachment":[{"href":"https:\/\/4lo.kielce.eu\/index.php\/wp-json\/wp\/v2\/media?parent=6981"}],"curies":[{"name":"wp","href":"https:\/\/api.w.org\/{rel}","templated":true}]}}