{"id":40,"date":"2020-01-04T14:51:46","date_gmt":"2020-01-04T13:51:46","guid":{"rendered":"http:\/\/4lo.kielce.eu\/?page_id=40"},"modified":"2020-01-04T14:51:46","modified_gmt":"2020-01-04T13:51:46","slug":"grope-423","status":"publish","type":"page","link":"https:\/\/4lo.kielce.eu\/index.php\/grope-423\/","title":{"rendered":"GroPe 423"},"content":{"rendered":"\n<figure class=\"wp-block-image\"><img decoding=\"async\" src=\"http:\/\/gim23.kielce.eu\/image\/GroPe\/maski.jpg\" alt=\"\"\/><\/figure>\n\n\n\n<p><br>Nazwa grupy teatralnej <strong>GroPe 423<\/strong>, reprezentowanej przez profesor\u00f3w i&nbsp;uczni\u00f3w IV&nbsp;Liceum Og\u00f3lnokszta\u0142c\u0105cgo w&nbsp;Kielcach, oznacza <strong>Gro<\/strong>no <strong>Pe<\/strong>dagogiczne <strong>IV<\/strong>&nbsp;Liceum&nbsp;Og\u00f3lnokszta\u0142c\u0105cego&nbsp;<br>i&nbsp;Gimnazjum Nr <strong>23<\/strong>. <\/p>\n\n\n\n<p>Grupa powsta\u0142a w 2013 roku z&nbsp;inicjatywy prof. Jadwigi Kuchinki, kt\u00f3ra jest re\u017cyserem 3&nbsp;przedstawie\u0144 teatralnych. <\/p>\n\n\n\n<p>S\u0105&nbsp;to&nbsp;\u201eDamy i&nbsp;huzary\u201d, \u201eKlub kawaler\u00f3w\u201d i \u201eNext \u2013 ex\u201d.<\/p>\n\n\n\n<p>**************************************************************************************<\/p>\n\n\n\n<p>********************************************************************************<\/p>\n\n\n\n<figure class=\"wp-block-image\"><img decoding=\"async\" src=\"http:\/\/gim23.kielce.eu\/image\/GroPe\/d19.JPG\" alt=\"\"\/><\/figure>\n\n\n\n<p><strong><em>Teatr GroPe 423 s\u0142ynie z&nbsp;fantastycznych spektakli, wi\u0119c w<strong><em>idzowie t\u0142umnie przychodz\u0105 do Teatru im. Stefana \u017beromskiego na&nbsp;premiery.<\/em><\/strong> Nauczyciele &#8222;wcielaj\u0105 si\u0119&#8221; w&nbsp;role uczni\u00f3w i&nbsp;&#8222;wkuwaj\u0105&#8221; tekst na&nbsp;pami\u0119\u0107<\/em><\/strong><strong><em>. Ka\u017cda pr\u00f3ba okupiona jest du\u017cym wysi\u0142kiem, ale okraszona \u015bmiechem i \u017cartami.&nbsp;<br><\/em><\/strong><strong><em>Trud nauczycieli op\u0142aca si\u0119 stokrotnie, ich&nbsp;popularno\u015b\u0107 ci\u0105gle ro\u015bnie w&nbsp;Kielcach oraz renoma naszej Szko\u0142y<\/em>&nbsp;&#8211;<\/strong><\/p>\n\n\n\n<p><strong>twierdzi prof. Jadwiga Kuchinka<\/strong><\/p>\n","protected":false},"excerpt":{"rendered":"<p>Nazwa grupy teatralnej GroPe 423, reprezentowanej przez profesor\u00f3w i&nbsp;uczni\u00f3w IV&nbsp;Liceum Og\u00f3lnokszta\u0142c\u0105cgo w&nbsp;Kielcach, oznacza Grono Pedagogiczne IV&nbsp;Liceum&nbsp;Og\u00f3lnokszta\u0142c\u0105cego&nbsp;i&nbsp;Gimnazjum Nr 23. Grupa powsta\u0142a w 2013 roku z&nbsp;inicjatywy prof. Jadwigi Kuchinki, kt\u00f3ra jest re\u017cyserem&#8230; <\/p>\n","protected":false},"author":1,"featured_media":0,"parent":0,"menu_order":0,"comment_status":"closed","ping_status":"closed","template":"","meta":{"footnotes":""},"class_list":["post-40","page","type-page","status-publish","hentry"],"_links":{"self":[{"href":"https:\/\/4lo.kielce.eu\/index.php\/wp-json\/wp\/v2\/pages\/40","targetHints":{"allow":["GET"]}}],"collection":[{"href":"https:\/\/4lo.kielce.eu\/index.php\/wp-json\/wp\/v2\/pages"}],"about":[{"href":"https:\/\/4lo.kielce.eu\/index.php\/wp-json\/wp\/v2\/types\/page"}],"author":[{"embeddable":true,"href":"https:\/\/4lo.kielce.eu\/index.php\/wp-json\/wp\/v2\/users\/1"}],"replies":[{"embeddable":true,"href":"https:\/\/4lo.kielce.eu\/index.php\/wp-json\/wp\/v2\/comments?post=40"}],"version-history":[{"count":1,"href":"https:\/\/4lo.kielce.eu\/index.php\/wp-json\/wp\/v2\/pages\/40\/revisions"}],"predecessor-version":[{"id":41,"href":"https:\/\/4lo.kielce.eu\/index.php\/wp-json\/wp\/v2\/pages\/40\/revisions\/41"}],"wp:attachment":[{"href":"https:\/\/4lo.kielce.eu\/index.php\/wp-json\/wp\/v2\/media?parent=40"}],"curies":[{"name":"wp","href":"https:\/\/api.w.org\/{rel}","templated":true}]}}

<figure class="wp-block-image"><img decoding="async" src="http://gim23.kielce.eu/image/GroPe/maski.jpg" alt=""/></figure>



<p><br>Nazwa grupy teatralnej <strong>GroPe 423</strong>, reprezentowanej przez profesorów i&nbsp;uczniów IV&nbsp;Liceum Ogólnokształcącgo w&nbsp;Kielcach, oznacza <strong>Gro</strong>no <strong>Pe</strong>dagogiczne <strong>IV</strong>&nbsp;Liceum&nbsp;Ogólnokształcącego&nbsp;<br>i&nbsp;Gimnazjum Nr <strong>23</strong>. </p>



<p>Grupa powstała w 2013 roku z&nbsp;inicjatywy prof. Jadwigi Kuchinki, która jest reżyserem 3&nbsp;przedstawień teatralnych. </p>



<p>Są&nbsp;to&nbsp;„Damy i&nbsp;huzary”, „Klub kawalerów” i „Next – ex”.</p>



<p>**************************************************************************************</p>



<p>********************************************************************************</p>



<figure class="wp-block-image"><img decoding="async" src="http://gim23.kielce.eu/image/GroPe/d19.JPG" alt=""/></figure>



<p><strong><em>Teatr GroPe 423 słynie z&nbsp;fantastycznych spektakli, więc w<strong><em>idzowie tłumnie przychodzą do Teatru im. Stefana Żeromskiego na&nbsp;premiery.</em></strong> Nauczyciele &#8222;wcielają się&#8221; w&nbsp;role uczniów i&nbsp;&#8222;wkuwają&#8221; tekst na&nbsp;pamięć</em></strong><strong><em>. Każda próba okupiona jest dużym wysiłkiem, ale okraszona śmiechem i żartami.&nbsp;<br></em></strong><strong><em>Trud nauczycieli opłaca się stokrotnie, ich&nbsp;popularność ciągle rośnie w&nbsp;Kielcach oraz renoma naszej Szkoły</em>&nbsp;&#8211;</strong></p>



<p><strong>twierdzi prof. Jadwiga Kuchinka</strong></p>

<p>Nazwa grupy teatralnej GroPe 423, reprezentowanej przez profesorów i&nbsp;uczniów IV&nbsp;Liceum Ogólnokształcącgo w&nbsp;Kielcach, oznacza Grono Pedagogiczne IV&nbsp;Liceum&nbsp;Ogólnokształcącego&nbsp;i&nbsp;Gimnazjum Nr 23. Grupa powstała w 2013 roku z&nbsp;inicjatywy prof. Jadwigi Kuchinki, która jest reżyserem&#8230; </p>
