{"id":36,"date":"2020-01-04T14:14:29","date_gmt":"2020-01-04T13:14:29","guid":{"rendered":"http:\/\/4lo.kielce.eu\/?page_id=36"},"modified":"2020-01-23T12:04:29","modified_gmt":"2020-01-23T11:04:29","slug":"absolwenci","status":"publish","type":"page","link":"https:\/\/4lo.kielce.eu\/index.php\/absolwenci\/","title":{"rendered":"Absolwenci"},"content":{"rendered":"\n<figure class=\"wp-block-table\"><table class=\"\"><tbody><tr><td>Nasi absolwenci<\/td><\/tr><tr><\/tr><tr><td><strong>Micha\u0142 So\u0142owow<\/strong>&nbsp;jest  jednym z najbardziej rozpoznawalnych polskich biznesmen\u00f3w. Jego maj\u0105tek  szacowany jest na 6 mld z\u0142otych. Jako absolwent IV Liceum. Uko\u0144czy\u0142 studia na Politechnice \u015awi\u0119tokrzyskiej. Obecnie jest akcjonariuszem  takich firm jak Echo Investmen, Cersanit, czy Barlinek. Micha\u0142 So\u0142owow  jest tak\u017ce sportowcem &#8211; bierze udzia\u0142 w&nbsp;rajdach WRC. &nbsp; &nbsp; <br><br><strong>Bronis\u0142aw Opa\u0142ko<\/strong>  &nbsp;bardziej znany jako Genowefa Pigwa. Wsp\u00f3\u0142pracowa\u0142 z&nbsp;kabaretem radiowym Zesp\u00f3\u0142 Adwokacki Dyskrecja, dla kt\u00f3rego w&nbsp;latach 1986-1989 nagra\u0142 wiele piosenek oraz wyst\u0105pi\u0142 w&nbsp;kilku skeczach.&nbsp;<br>W&nbsp;1987 r. za\u0142o\u017cy\u0142 w\u0142asny kabaret &#8222;Pigwa Show&#8221;. &nbsp; <br><strong>Tomasz Merta <\/strong>jako absolwent IV LO uko\u0144czy\u0142 studia w&nbsp;zakresie filologii polskiej na Wydziale Polonistyki Uniwersytetu Warszawskiego. By\u0142 polskim urz\u0119dnikiem pa\u0144stwowym, historykiem my\u015bli politycznej, publicyst\u0105, a&nbsp;w&nbsp;latach 2005 &#8211; 2010 podsekretarzem stanu w Ministerstwie Kultury i&nbsp;Dziedzictwa Narodowego oraz Generalnym Konserwatorem Zabytk\u00f3w. Zgin\u0105\u0142 10 kwietnia 2010 roku w katastrofie lotniczej w&nbsp;Smole\u0144sku. &nbsp; <br><strong>Leszek Jarosz<\/strong>. Reporer&nbsp;TVN .<br><strong>Pawe\u0142 Rejdak<\/strong> (pseudonim artystyczny <strong>Darkaraghel<\/strong>) debiutowa\u0142 w&nbsp;roku 2009 zbiorem opowiada\u0144 <strong>\u201e<em>Oko w\u0119\u017ca. Opowie\u015bci z Borgaanu\u201d<\/em>.<\/strong> Uprawia literatur\u0119 z&nbsp;gatunku fantasy z&nbsp;elementami sensacji i&nbsp;krymina\u0142u. W&nbsp;roku 2011 zosta\u0142 uhonorowany presti\u017cow\u0105 Nagrod\u0105 Ministerstwa Kultury i&nbsp;Dziedzictwa Narodowego.  Artysta nale\u017cy do grona Zwi\u0105zku Literat\u00f3w Polskich. &nbsp; &nbsp;<br><br><strong>Ma\u0142gorzata Zi\u00f3\u0142kowska.<\/strong> Kierownik baletu w Kieleckim Teatrze Ta\u0144ca,tancerka-solistka, pedagog ta\u0144ca, choreograf. Od 1999r. adeptka, a&nbsp;od 2001 r. tancerka Kieleckiego Teatru Ta\u0144ca. Absolwentka Wydzia\u0142u Bibliotekoznawstwa i&nbsp;Dziennikarstwa o&nbsp;specjalno\u015bci prasoznawstwo z&nbsp;elementami dziennikarstwa Akademii \u015awi\u0119tokrzyskiej w&nbsp;Kielcach. W&nbsp;2004 r. uzyska\u0142a tytu\u0142 zawodowego tancerza w&nbsp;Zwi\u0105zku Artyst\u00f3w Scen Polskich. W&nbsp;2005 uko\u0144czy\u0142a Instruktorski Kurs Kwalifikacyjny z&nbsp;dziedziny ta\u0144ca wsp\u00f3\u0142czesnego. Jako solistka Kieleckiego Teatru Ta\u0144ca wyst\u0119powa\u0142a na wielu scenach polskich i&nbsp;zagranicznych m.in. w&nbsp;Teatrze Wielkim Operze Narodowej w&nbsp;Warszawie, Teatrze Wielkim w&nbsp;\u0141odzi, Teatrze im. Juliusza S\u0142owackiego w&nbsp;Krakowie, na scenach w&nbsp;Czechach, Niemczech, Ukrainie i&nbsp;innych. &nbsp;<br><br><strong>Agnieszka Dyk. <\/strong> Zwyci\u0119\u017cczyni 'Szansy na sukces&#8221;, od 2009 roku wokalistka &#8222;Brathank\u00f3w&#8221;, &nbsp;studentka dziennikarstwa. <strong>Pawe\u0142 Mi\u015bkiewicz<\/strong>. Uko\u0144czywszy studia najpierw na  wydziale aktorskim (w&nbsp;1989 roku), p\u00f3\u017aniej na re\u017cyserskim krakowskiej  PWST (1995), oraz teatrologi\u0119 na Uniwersytecie Jagiello\u0144skim, rozpocz\u0105\u0142  prac\u0119 w&nbsp;Teatrze Starym w&nbsp;Krakowie, gdzie by\u0142 pocz\u0105tkowo aktorem, blisko  wsp\u00f3\u0142pracuj\u0105cym z&nbsp;Krystianem Lup\u0105. W&nbsp;1994 r. zaj\u0105\u0142 si\u0119 r\u00f3wnie\u017c re\u017cyseri\u0105.<br>W&nbsp;2000 r. Mi\u015bkiewicz obj\u0105\u0142 stanowisko dyrektora artystycznego Teatru Polskiego we&nbsp;Wroc\u0142awiu; w&nbsp;tym samym roku otrzyma\u0142 Paszport Polityki, a&nbsp;rok p\u00f3\u017aniej \u2013 dwa Ludwiki za spektakl Rajski ogr\u00f3dek. Laureat nagrody im. Konrada Swinarskiego &#8211; przyznawanej przez redakcj\u0119 miesi\u0119cznika &#8222;Teatr&#8221; &#8211; za sezon 2003\/2004, za re\u017cyseri\u0119 przedstawienia \u201eNiewinna\u201d Dei Loher w&nbsp;Narodowym Starym Teatrze im. Heleny Modrzejewskiej w&nbsp;\u201eNiewinna\u201d Dei LoherKrakowie.<br>Z \u201eNiewinn\u0105\u201d Dei Loherdniem 1&nbsp;pa\u017adziernika 2007 roku zosta\u0142 powo\u0142any na dyrektora artystycznego Teatru Dramatycznego m.st. Warszawy. &nbsp;<br><br><strong>J\u00f3zef G\u0119bski<\/strong>. Scenarzysta  i&nbsp;re\u017cyser filmowy. Studiowa\u0142 histori\u0119 sztuki (magisterium &#8211; 1965) na Uniwersytecie Warszawskim oraz re\u017cyseri\u0119 na Pa\u0144stwowej Wy\u017cszej Szkole Filmowej, Telewizyjnej i&nbsp;Teatralnej w&nbsp;\u0141odzi (dyplom &#8211; 1971). By\u0142 dyrektorem  Akademii Filmu i&nbsp;Telewizji w&nbsp;Warszawie.<br>W&nbsp;latach 1969\u20131975 realizowa\u0142 filmy w&nbsp;duecie re\u017cyserskim z&nbsp;Antonim Halorem, przewa\u017cnie dokumentalne i&nbsp;animowane. &nbsp;<br><strong>Anna Janik. <\/strong>Aktorka, absolwentka PWST we Wroc\u0142awiu. <br><strong>Jacek Kowalczyk.<\/strong> Dyrektor Departamentu Promocji, Edukacji, Kultury, Sportu i&nbsp;Turystyki, Urz\u0119du Marsza\u0142kowskiego Wojew\u00f3dztwa \u015awi\u0119tokrzyskiego. &nbsp; <br><br><strong>Natalia Samojlik.<\/strong> Studentka &nbsp;Szkoly Teatralnej w Olsztynie, wyst\u0119puje na scenie Teatru im.&nbsp;S.&nbsp;Jaracza w&nbsp;Olsztynie. &nbsp; <br><strong>Piotr Boraty\u0144ski.<\/strong> Student&nbsp;Szkoly Teatralnej w&nbsp;Olsztynie, wyst\u0119puje na scenie Teatru im. S. Jaracza w&nbsp;Olsztynie.<\/td><\/tr><\/tbody><\/table><\/figure>\n","protected":false},"excerpt":{"rendered":"<p>Nasi absolwenci Micha\u0142 So\u0142owow&nbsp;jest jednym z najbardziej rozpoznawalnych polskich biznesmen\u00f3w. Jego maj\u0105tek szacowany jest na 6 mld z\u0142otych. Jako absolwent IV Liceum. Uko\u0144czy\u0142 studia na Politechnice \u015awi\u0119tokrzyskiej. Obecnie jest akcjonariuszem&#8230; <\/p>\n","protected":false},"author":1,"featured_media":0,"parent":0,"menu_order":0,"comment_status":"closed","ping_status":"closed","template":"","meta":{"footnotes":""},"class_list":["post-36","page","type-page","status-publish","hentry"],"_links":{"self":[{"href":"https:\/\/4lo.kielce.eu\/index.php\/wp-json\/wp\/v2\/pages\/36","targetHints":{"allow":["GET"]}}],"collection":[{"href":"https:\/\/4lo.kielce.eu\/index.php\/wp-json\/wp\/v2\/pages"}],"about":[{"href":"https:\/\/4lo.kielce.eu\/index.php\/wp-json\/wp\/v2\/types\/page"}],"author":[{"embeddable":true,"href":"https:\/\/4lo.kielce.eu\/index.php\/wp-json\/wp\/v2\/users\/1"}],"replies":[{"embeddable":true,"href":"https:\/\/4lo.kielce.eu\/index.php\/wp-json\/wp\/v2\/comments?post=36"}],"version-history":[{"count":3,"href":"https:\/\/4lo.kielce.eu\/index.php\/wp-json\/wp\/v2\/pages\/36\/revisions"}],"predecessor-version":[{"id":1428,"href":"https:\/\/4lo.kielce.eu\/index.php\/wp-json\/wp\/v2\/pages\/36\/revisions\/1428"}],"wp:attachment":[{"href":"https:\/\/4lo.kielce.eu\/index.php\/wp-json\/wp\/v2\/media?parent=36"}],"curies":[{"name":"wp","href":"https:\/\/api.w.org\/{rel}","templated":true}]}}

<figure class="wp-block-table"><table class=""><tbody><tr><td>Nasi absolwenci</td></tr><tr></tr><tr><td><strong>Michał Sołowow</strong>&nbsp;jest  jednym z najbardziej rozpoznawalnych polskich biznesmenów. Jego majątek  szacowany jest na 6 mld złotych. Jako absolwent IV Liceum. Ukończył studia na Politechnice Świętokrzyskiej. Obecnie jest akcjonariuszem  takich firm jak Echo Investmen, Cersanit, czy Barlinek. Michał Sołowow  jest także sportowcem &#8211; bierze udział w&nbsp;rajdach WRC. &nbsp; &nbsp; <br><br><strong>Bronisław Opałko</strong>  &nbsp;bardziej znany jako Genowefa Pigwa. Współpracował z&nbsp;kabaretem radiowym Zespół Adwokacki Dyskrecja, dla którego w&nbsp;latach 1986-1989 nagrał wiele piosenek oraz wystąpił w&nbsp;kilku skeczach.&nbsp;<br>W&nbsp;1987 r. założył własny kabaret &#8222;Pigwa Show&#8221;. &nbsp; <br><strong>Tomasz Merta </strong>jako absolwent IV LO ukończył studia w&nbsp;zakresie filologii polskiej na Wydziale Polonistyki Uniwersytetu Warszawskiego. Był polskim urzędnikiem państwowym, historykiem myśli politycznej, publicystą, a&nbsp;w&nbsp;latach 2005 &#8211; 2010 podsekretarzem stanu w Ministerstwie Kultury i&nbsp;Dziedzictwa Narodowego oraz Generalnym Konserwatorem Zabytków. Zginął 10 kwietnia 2010 roku w katastrofie lotniczej w&nbsp;Smoleńsku. &nbsp; <br><strong>Leszek Jarosz</strong>. Reporer&nbsp;TVN .<br><strong>Paweł Rejdak</strong> (pseudonim artystyczny <strong>Darkaraghel</strong>) debiutował w&nbsp;roku 2009 zbiorem opowiadań <strong>„<em>Oko węża. Opowieści z Borgaanu”</em>.</strong> Uprawia literaturę z&nbsp;gatunku fantasy z&nbsp;elementami sensacji i&nbsp;kryminału. W&nbsp;roku 2011 został uhonorowany prestiżową Nagrodą Ministerstwa Kultury i&nbsp;Dziedzictwa Narodowego.  Artysta należy do grona Związku Literatów Polskich. &nbsp; &nbsp;<br><br><strong>Małgorzata Ziółkowska.</strong> Kierownik baletu w Kieleckim Teatrze Tańca,tancerka-solistka, pedagog tańca, choreograf. Od 1999r. adeptka, a&nbsp;od 2001 r. tancerka Kieleckiego Teatru Tańca. Absolwentka Wydziału Bibliotekoznawstwa i&nbsp;Dziennikarstwa o&nbsp;specjalności prasoznawstwo z&nbsp;elementami dziennikarstwa Akademii Świętokrzyskiej w&nbsp;Kielcach. W&nbsp;2004 r. uzyskała tytuł zawodowego tancerza w&nbsp;Związku Artystów Scen Polskich. W&nbsp;2005 ukończyła Instruktorski Kurs Kwalifikacyjny z&nbsp;dziedziny tańca współczesnego. Jako solistka Kieleckiego Teatru Tańca występowała na wielu scenach polskich i&nbsp;zagranicznych m.in. w&nbsp;Teatrze Wielkim Operze Narodowej w&nbsp;Warszawie, Teatrze Wielkim w&nbsp;Łodzi, Teatrze im. Juliusza Słowackiego w&nbsp;Krakowie, na scenach w&nbsp;Czechach, Niemczech, Ukrainie i&nbsp;innych. &nbsp;<br><br><strong>Agnieszka Dyk. </strong> Zwyciężczyni 'Szansy na sukces&#8221;, od 2009 roku wokalistka &#8222;Brathanków&#8221;, &nbsp;studentka dziennikarstwa. <strong>Paweł Miśkiewicz</strong>. Ukończywszy studia najpierw na  wydziale aktorskim (w&nbsp;1989 roku), później na reżyserskim krakowskiej  PWST (1995), oraz teatrologię na Uniwersytecie Jagiellońskim, rozpoczął  pracę w&nbsp;Teatrze Starym w&nbsp;Krakowie, gdzie był początkowo aktorem, blisko  współpracującym z&nbsp;Krystianem Lupą. W&nbsp;1994 r. zajął się również reżyserią.<br>W&nbsp;2000 r. Miśkiewicz objął stanowisko dyrektora artystycznego Teatru Polskiego we&nbsp;Wrocławiu; w&nbsp;tym samym roku otrzymał Paszport Polityki, a&nbsp;rok później – dwa Ludwiki za spektakl Rajski ogródek. Laureat nagrody im. Konrada Swinarskiego &#8211; przyznawanej przez redakcję miesięcznika &#8222;Teatr&#8221; &#8211; za sezon 2003/2004, za reżyserię przedstawienia „Niewinna” Dei Loher w&nbsp;Narodowym Starym Teatrze im. Heleny Modrzejewskiej w&nbsp;„Niewinna” Dei LoherKrakowie.<br>Z „Niewinną” Dei Loherdniem 1&nbsp;października 2007 roku został powołany na dyrektora artystycznego Teatru Dramatycznego m.st. Warszawy. &nbsp;<br><br><strong>Józef Gębski</strong>. Scenarzysta  i&nbsp;reżyser filmowy. Studiował historię sztuki (magisterium &#8211; 1965) na Uniwersytecie Warszawskim oraz reżyserię na Państwowej Wyższej Szkole Filmowej, Telewizyjnej i&nbsp;Teatralnej w&nbsp;Łodzi (dyplom &#8211; 1971). Był dyrektorem  Akademii Filmu i&nbsp;Telewizji w&nbsp;Warszawie.<br>W&nbsp;latach 1969–1975 realizował filmy w&nbsp;duecie reżyserskim z&nbsp;Antonim Halorem, przeważnie dokumentalne i&nbsp;animowane. &nbsp;<br><strong>Anna Janik. </strong>Aktorka, absolwentka PWST we Wrocławiu. <br><strong>Jacek Kowalczyk.</strong> Dyrektor Departamentu Promocji, Edukacji, Kultury, Sportu i&nbsp;Turystyki, Urzędu Marszałkowskiego Województwa Świętokrzyskiego. &nbsp; <br><br><strong>Natalia Samojlik.</strong> Studentka &nbsp;Szkoly Teatralnej w Olsztynie, występuje na scenie Teatru im.&nbsp;S.&nbsp;Jaracza w&nbsp;Olsztynie. &nbsp; <br><strong>Piotr Boratyński.</strong> Student&nbsp;Szkoly Teatralnej w&nbsp;Olsztynie, występuje na scenie Teatru im. S. Jaracza w&nbsp;Olsztynie.</td></tr></tbody></table></figure>

<p>Nasi absolwenci Michał Sołowow&nbsp;jest jednym z najbardziej rozpoznawalnych polskich biznesmenów. Jego majątek szacowany jest na 6 mld złotych. Jako absolwent IV Liceum. Ukończył studia na Politechnice Świętokrzyskiej. Obecnie jest akcjonariuszem&#8230; </p>
