{"id":229,"date":"2020-01-06T20:44:12","date_gmt":"2020-01-06T19:44:12","guid":{"rendered":"http:\/\/4lo.kielce.eu\/?page_id=229"},"modified":"2020-01-06T20:44:12","modified_gmt":"2020-01-06T19:44:12","slug":"ustawa-z-dnia-5-sierpnia-2015-r-o-nieodplatnej-pomocy-prawnej-oraz-edukacji-prawnej","status":"publish","type":"page","link":"https:\/\/4lo.kielce.eu\/index.php\/ustawa-z-dnia-5-sierpnia-2015-r-o-nieodplatnej-pomocy-prawnej-oraz-edukacji-prawnej\/","title":{"rendered":"USTAWA z dnia 5 sierpnia 2015 r. o nieodp\u0142atnej pomocy prawnej oraz edukacji prawnej"},"content":{"rendered":"\n<p style=\"text-align: center;\">W dniu 01.0.1 2016 r. wesz\u0142a w \u017cycie:<strong><em>&nbsp;<\/em><\/strong><\/p>\n<p style=\"text-align: center;\"><strong><em>USTAWA <\/em><\/strong><strong><em>z dnia 5 sierpnia 2015 r. o nieodp\u0142atnej pomocy prawnej oraz edukacji prawnej<\/em><\/strong>.<\/p>\n<p>Powy\u017csza ustawa uprawnia do skorzystania z nieodp\u0142atnej pomocy prawnej w zakresie:<\/p>\n<ol>\n<li>poinformowanie osoby uprawnionej o obowi\u0105zuj\u0105cym stanie prawnym, o przys\u0142uguj\u0105cych jej uprawnieniach lub o spoczywaj\u0105cych na niej obowi\u0105zkach lub<\/li>\n<li>wskazanie osobie uprawnionej sposobu rozwi\u0105zania jej problemu prawnego, lub<\/li>\n<li>udzielenie pomocy w sporz\u0105dzeniu projektu pisma w sprawach, o kt&oacute;rych mowa w pkt 1 i 2, z wy\u0142\u0105czeniem pism procesowych w tocz\u0105cym si\u0119 post\u0119powaniu przygotowawczym lub s\u0105dowym i pism w tocz\u0105cym si\u0119 post\u0119powaniu s\u0105dowo-administracyjnym, lub<\/li>\n<li>sporz\u0105dzenie projektu pisma o zwolnienie od koszt&oacute;w s\u0105dowych lub ustanowienie pe\u0142nomocnika z urz\u0119du w&nbsp;post\u0119powaniu s\u0105dowym lub ustanowienie adwokata, radcy prawnego, doradcy podatkowego lub rzecznika patentowego w post\u0119powaniu s\u0105dowo-administracyjnym.<\/li>\n<\/ol>\n<p>Nieodp\u0142atna pomoc prawna nie obejmuje spraw:<\/p>\n<ol>\n<li>podatkowych zwi\u0105zanych z prowadzeniem dzia\u0142alno\u015bci gospodarczej;<\/li>\n<li>z zakresu prawa celnego, dewizowego i handlowego;<\/li>\n<li> zwi\u0105zanych z prowadzeniem dzia\u0142alno\u015bci gospodarczej, z wyj\u0105tkiem przygotowania do rozpocz\u0119cia tej dzia\u0142alno\u015bci.<\/li>\n<\/ol>\n<p>Nieodp\u0142atna pomoc prawna przys\u0142uguje osobie fizycznej,:<\/p>\n<ol>\n<li>kt&oacute;rej w okresie 12 miesi\u0119cy poprzedzaj\u0105cych zwr&oacute;cenie si\u0119 o udzielenie nieodp\u0142atnej pomocy prawnej zosta\u0142o przyznane \u015bwiadczenie z pomocy spo\u0142ecznej na podstawie ustawy z dnia 12 marca 2004 r. o pomocy spo\u0142ecznej (Dz. U. z 2015 r. poz. 163, z p&oacute;\u017an. zm.2)) i wobec kt&oacute;rej w tym okresie nie wydano decyzji o&nbsp;zwrocie nienale\u017cnie pobranego \u015bwiadczenia lub<\/li>\n<li>kt&oacute;ra posiada wa\u017cn\u0105 Kart\u0119 Du\u017cej Rodziny, o kt&oacute;rej mowa w ustawie z dnia 5 grudnia 2014 r. o Karcie Du\u017cej Rodziny (Dz. U. poz. 1863), lub<\/li>\n<li>kt&oacute;ra uzyska\u0142a za\u015bwiadczenie, o kt&oacute;rym mowa w ustawie z dnia 24 stycznia 1991 r. o kombatantach oraz niekt&oacute;rych osobach b\u0119d\u0105cych ofiarami represji wojennych i okresu powojennego (Dz. U. z 2014 r. poz. 1206 oraz z 2015 r. poz. 693), lub<\/li>\n<li>kt&oacute;ra posiada wa\u017cn\u0105 legitymacj\u0119 weterana albo legitymacj\u0119 weterana poszkodowanego, o kt&oacute;rych mowa w&nbsp;ustawie z dnia 19 sierpnia 2011 r. o weteranach dzia\u0142a\u0144 poza granicami pa\u0144stwa (Dz. U. Nr 205, poz. 1203), lub<\/li>\n<li>kt&oacute;ra nie uko\u0144czy\u0142a 26 lat, lub<\/li>\n<li>kt&oacute;ra uko\u0144czy\u0142a 65 lat, lub<\/li>\n<li> kt&oacute;ra w wyniku wyst\u0105pienia kl\u0119ski \u017cywio\u0142owej, katastrofy naturalnej lub awarii technicznej znalaz\u0142a si\u0119 w&nbsp;sytuacji zagro\u017cenia lub ponios\u0142a straty.<\/li>\n<\/ol>\n<p>Zorganizowanie punkt&oacute;w, w kt&oacute;rych udzielana jest nieodp\u0142atna pomoc prawna spoczywa na zarz\u0105dach powiatu.<\/p>\n<p>W Kielcach punkty nieodp\u0142atnej pomocy prawnej znajduj\u0105 si\u0119:<\/p>\n<ol>\n<li>Rynek 1 25-303 Kielce<\/li>\n<li>ul. Strycharska 6 25-659 Kielce<\/li>\n<li>ul. M\u0142oda 28 25-619 Kielce<\/li>\n<\/ol>\n<p>Starostwo Powiatowe w Kielcach zorganizowa\u0142o punkt&oacute;w nieodp\u0142atnej pomocy prawnej:<\/p>\n<ol>\n<li>w siedzibie Starostwa Powiatowego w Kielcach, ul. Wrzosowa 4, 25-211 Kielce, czynny od poniedzia\u0142ku do pi\u0105tku w godz. od 7 &ndash; 11.<\/li>\n<li>w siedzibie Powiatowego Urz\u0119du Pracy, ul. Kolberga 4 , 25-620 Kielce, czynny od poniedzia\u0142ku do pi\u0105tku wgodz. od 7 &ndash; 11.<\/li>\n<li>w siedzibie Urz\u0119du Gminy w \u0141opusznie, ul. Konecka 12, 26-070 \u0141opuszno, czynny od poniedzia\u0142ku do pi\u0105tku wgodz. od 12- 16,&nbsp;<\/li>\n<li>w siedzibie Urz\u0119du Miasta i Gminy w Chmielniku, Plac Ko\u015bciuszki 7, 26-020 Chmielnik, czynny w poniedzia\u0142ki w&nbsp;godz. od 12 &ndash; 16, od wtorku &ndash; do pi\u0105tku w godz. od 9- 13.<\/li>\n<\/ol>\n<p>&nbsp;Udzielanie nieodp\u0142atnej pomocy prawnej, Starostwo Powiatowe powierzy\u0142o r&oacute;wnie\u017c organizacjom pozarz\u0105dowym:<\/p>\n<ol>\n<li>1. w siedzibie Starostwa Powiatowego w Kielcach, ul. Wrzosowa 4, 25-211 Kielce, czynny od poniedzia\u0142ku do pi\u0105tku w godz. od 11.15 &ndash; 15.15,<\/li>\n<li>w siedzibie Powiatowego Urz\u0119du Pracy, ul. Kolberga 4 , 25-620 Kielce, czynny od poniedzia\u0142ku do pi\u0105tku w&nbsp;godz. od 11- 15,<\/li>\n<li>w siedzibie Urz\u0119du Gminy w G&oacute;rnie, G&oacute;rno 169, 26-008 G&oacute;rno, czynny w dniach: poniedzia\u0142ek, \u015broda, czwartek, pi\u0105tek w godz. od 8-12, we wtorek od godz. 13- 17,<\/li>\n<li>w siedzibie Urz\u0119du Gminy w \u0141agowie, ul. Rynek 62, 26-025 \u0141ag&oacute;w, czynny od poniedzia\u0142ku do pi\u0105tku w godz. od 8- 12.<\/li>\n<\/ol>\n<p>&nbsp;<\/p>\n<p>&nbsp;<\/p>\n","protected":false},"excerpt":{"rendered":"<p>W dniu 01.0.1 2016 r. wesz\u0142a w \u017cycie:&nbsp; USTAWA z dnia 5 sierpnia 2015 r. o nieodp\u0142atnej pomocy prawnej oraz edukacji prawnej. Powy\u017csza ustawa uprawnia do skorzystania z nieodp\u0142atnej pomocy&#8230; <\/p>\n","protected":false},"author":1,"featured_media":0,"parent":0,"menu_order":0,"comment_status":"closed","ping_status":"closed","template":"","meta":{"footnotes":""},"class_list":["post-229","page","type-page","status-publish","hentry"],"_links":{"self":[{"href":"https:\/\/4lo.kielce.eu\/index.php\/wp-json\/wp\/v2\/pages\/229","targetHints":{"allow":["GET"]}}],"collection":[{"href":"https:\/\/4lo.kielce.eu\/index.php\/wp-json\/wp\/v2\/pages"}],"about":[{"href":"https:\/\/4lo.kielce.eu\/index.php\/wp-json\/wp\/v2\/types\/page"}],"author":[{"embeddable":true,"href":"https:\/\/4lo.kielce.eu\/index.php\/wp-json\/wp\/v2\/users\/1"}],"replies":[{"embeddable":true,"href":"https:\/\/4lo.kielce.eu\/index.php\/wp-json\/wp\/v2\/comments?post=229"}],"version-history":[{"count":1,"href":"https:\/\/4lo.kielce.eu\/index.php\/wp-json\/wp\/v2\/pages\/229\/revisions"}],"predecessor-version":[{"id":230,"href":"https:\/\/4lo.kielce.eu\/index.php\/wp-json\/wp\/v2\/pages\/229\/revisions\/230"}],"wp:attachment":[{"href":"https:\/\/4lo.kielce.eu\/index.php\/wp-json\/wp\/v2\/media?parent=229"}],"curies":[{"name":"wp","href":"https:\/\/api.w.org\/{rel}","templated":true}]}}

USTAWA z dnia 5 sierpnia 2015 r. o nieodpłatnej pomocy prawnej oraz edukacji prawnej

<p style="text-align: center;">W dniu 01.0.1 2016 r. weszła w życie:<strong><em>&nbsp;</em></strong></p>
<p style="text-align: center;"><strong><em>USTAWA </em></strong><strong><em>z dnia 5 sierpnia 2015 r. o nieodpłatnej pomocy prawnej oraz edukacji prawnej</em></strong>.</p>
<p>Powyższa ustawa uprawnia do skorzystania z nieodpłatnej pomocy prawnej w zakresie:</p>
<ol>
<li>poinformowanie osoby uprawnionej o obowiązującym stanie prawnym, o przysługujących jej uprawnieniach lub o spoczywających na niej obowiązkach lub</li>
<li>wskazanie osobie uprawnionej sposobu rozwiązania jej problemu prawnego, lub</li>
<li>udzielenie pomocy w sporządzeniu projektu pisma w sprawach, o kt&oacute;rych mowa w pkt 1 i 2, z wyłączeniem pism procesowych w toczącym się postępowaniu przygotowawczym lub sądowym i pism w toczącym się postępowaniu sądowo-administracyjnym, lub</li>
<li>sporządzenie projektu pisma o zwolnienie od koszt&oacute;w sądowych lub ustanowienie pełnomocnika z urzędu w&nbsp;postępowaniu sądowym lub ustanowienie adwokata, radcy prawnego, doradcy podatkowego lub rzecznika patentowego w postępowaniu sądowo-administracyjnym.</li>
</ol>
<p>Nieodpłatna pomoc prawna nie obejmuje spraw:</p>
<ol>
<li>podatkowych związanych z prowadzeniem działalności gospodarczej;</li>
<li>z zakresu prawa celnego, dewizowego i handlowego;</li>
<li> związanych z prowadzeniem działalności gospodarczej, z wyjątkiem przygotowania do rozpoczęcia tej działalności.</li>
</ol>
<p>Nieodpłatna pomoc prawna przysługuje osobie fizycznej,:</p>
<ol>
<li>kt&oacute;rej w okresie 12 miesięcy poprzedzających zwr&oacute;cenie się o udzielenie nieodpłatnej pomocy prawnej zostało przyznane świadczenie z pomocy społecznej na podstawie ustawy z dnia 12 marca 2004 r. o pomocy społecznej (Dz. U. z 2015 r. poz. 163, z p&oacute;źn. zm.2)) i wobec kt&oacute;rej w tym okresie nie wydano decyzji o&nbsp;zwrocie nienależnie pobranego świadczenia lub</li>
<li>kt&oacute;ra posiada ważną Kartę Dużej Rodziny, o kt&oacute;rej mowa w ustawie z dnia 5 grudnia 2014 r. o Karcie Dużej Rodziny (Dz. U. poz. 1863), lub</li>
<li>kt&oacute;ra uzyskała zaświadczenie, o kt&oacute;rym mowa w ustawie z dnia 24 stycznia 1991 r. o kombatantach oraz niekt&oacute;rych osobach będących ofiarami represji wojennych i okresu powojennego (Dz. U. z 2014 r. poz. 1206 oraz z 2015 r. poz. 693), lub</li>
<li>kt&oacute;ra posiada ważną legitymację weterana albo legitymację weterana poszkodowanego, o kt&oacute;rych mowa w&nbsp;ustawie z dnia 19 sierpnia 2011 r. o weteranach działań poza granicami państwa (Dz. U. Nr 205, poz. 1203), lub</li>
<li>kt&oacute;ra nie ukończyła 26 lat, lub</li>
<li>kt&oacute;ra ukończyła 65 lat, lub</li>
<li> kt&oacute;ra w wyniku wystąpienia klęski żywiołowej, katastrofy naturalnej lub awarii technicznej znalazła się w&nbsp;sytuacji zagrożenia lub poniosła straty.</li>
</ol>
<p>Zorganizowanie punkt&oacute;w, w kt&oacute;rych udzielana jest nieodpłatna pomoc prawna spoczywa na zarządach powiatu.</p>
<p>W Kielcach punkty nieodpłatnej pomocy prawnej znajdują się:</p>
<ol>
<li>Rynek 1 25-303 Kielce</li>
<li>ul. Strycharska 6 25-659 Kielce</li>
<li>ul. Młoda 28 25-619 Kielce</li>
</ol>
<p>Starostwo Powiatowe w Kielcach zorganizowało punkt&oacute;w nieodpłatnej pomocy prawnej:</p>
<ol>
<li>w siedzibie Starostwa Powiatowego w Kielcach, ul. Wrzosowa 4, 25-211 Kielce, czynny od poniedziałku do piątku w godz. od 7 &ndash; 11.</li>
<li>w siedzibie Powiatowego Urzędu Pracy, ul. Kolberga 4 , 25-620 Kielce, czynny od poniedziałku do piątku wgodz. od 7 &ndash; 11.</li>
<li>w siedzibie Urzędu Gminy w Łopusznie, ul. Konecka 12, 26-070 Łopuszno, czynny od poniedziałku do piątku wgodz. od 12- 16,&nbsp;</li>
<li>w siedzibie Urzędu Miasta i Gminy w Chmielniku, Plac Kościuszki 7, 26-020 Chmielnik, czynny w poniedziałki w&nbsp;godz. od 12 &ndash; 16, od wtorku &ndash; do piątku w godz. od 9- 13.</li>
</ol>
<p>&nbsp;Udzielanie nieodpłatnej pomocy prawnej, Starostwo Powiatowe powierzyło r&oacute;wnież organizacjom pozarządowym:</p>
<ol>
<li>1. w siedzibie Starostwa Powiatowego w Kielcach, ul. Wrzosowa 4, 25-211 Kielce, czynny od poniedziałku do piątku w godz. od 11.15 &ndash; 15.15,</li>
<li>w siedzibie Powiatowego Urzędu Pracy, ul. Kolberga 4 , 25-620 Kielce, czynny od poniedziałku do piątku w&nbsp;godz. od 11- 15,</li>
<li>w siedzibie Urzędu Gminy w G&oacute;rnie, G&oacute;rno 169, 26-008 G&oacute;rno, czynny w dniach: poniedziałek, środa, czwartek, piątek w godz. od 8-12, we wtorek od godz. 13- 17,</li>
<li>w siedzibie Urzędu Gminy w Łagowie, ul. Rynek 62, 26-025 Łag&oacute;w, czynny od poniedziałku do piątku w godz. od 8- 12.</li>
</ol>
<p>&nbsp;</p>
<p>&nbsp;</p>

<p>W dniu 01.0.1 2016 r. weszła w życie:&nbsp; USTAWA z dnia 5 sierpnia 2015 r. o nieodpłatnej pomocy prawnej oraz edukacji prawnej. Powyższa ustawa uprawnia do skorzystania z nieodpłatnej pomocy&#8230; </p>
