{"id":1431,"date":"2020-04-28T11:57:47","date_gmt":"2020-04-28T09:57:47","guid":{"rendered":"http:\/\/4lo.kielce.eu\/?page_id=1431"},"modified":"2025-09-08T15:17:00","modified_gmt":"2025-09-08T13:17:00","slug":"organizacja-egzaminu-maturalnego-2020r","status":"publish","type":"page","link":"https:\/\/4lo.kielce.eu\/index.php\/organizacja-egzaminu-maturalnego-2020r\/","title":{"rendered":"Organizacja egzaminu maturalnego w roku szkolnym 2025\/2026"},"content":{"rendered":"\n<p><mark style=\"background-color:rgba(0, 0, 0, 0)\" class=\"has-inline-color has-vivid-cyan-blue-color\">Wszystkie aktualne informacje dotycz\u0105ce przeprowadzania egzaminu maturalnego znajduj\u0105 si\u0119 na stronach:<\/mark><\/p>\n\n\n\n<p><mark style=\"background-color:rgba(0, 0, 0, 0)\" class=\"has-inline-color has-vivid-cyan-blue-color\">*<a href=\"https:\/\/cke.gov.pl\/egzamin-maturalny\/\">Centralnej Komisji Egzaminacyjnej,<\/a> oraz<\/mark><\/p>\n\n\n\n<p><mark style=\"background-color:rgba(0, 0, 0, 0)\" class=\"has-inline-color has-vivid-cyan-blue-color\">*<a href=\"https:\/\/lodz.oke.gov.pl\/\">Okr\u0119gowej Komisji Egzaminacyjnej w \u0141odzi<\/a>.<\/mark><\/p>\n\n\n\n<p><mark style=\"background-color:rgba(0, 0, 0, 0)\" class=\"has-inline-color has-vivid-green-cyan-color\">Poni\u017cej znajduj\u0105 si\u0119 najwa\u017cniejsze informacje i dokumenty, kt\u00f3re reguluj\u0105 przeprowadzanie egzaminu maturalnego w danym roku szkolnym<\/mark><\/p>\n\n\n\n<p><mark style=\"background-color:rgba(0, 0, 0, 0)\" class=\"has-inline-color has-vivid-red-color\"><strong>EGZAMIN MATURALNY 2025\/2026<\/strong><\/mark><\/p>\n\n\n\n<p><a href=\"https:\/\/4lo.kielce.eu\/wp-content\/uploads\/2025\/09\/JEZYK-POLSKI_Zadania-jawne-na-2026-r._2027-r.-i-2028-r.-_KOMUNIKAT.pdf\">Komunikaty w sprawie listy jawnych zada\u0144 w cz\u0119\u015bci ustnej egzaminu maturalnego w 2026 r.<\/a><\/p>\n\n\n\n<p><a href=\"https:\/\/4lo.kielce.eu\/wp-content\/uploads\/2025\/09\/20250821-Egzaminy-probne-2026.pdf\">Informacja dyrektora Centralnej Komisji Egzaminacyjnej z 21 sierpnia 2025r. dotycz\u0105ca dotycz\u0105ca<br>test\u00f3w diagnostycznych w zakresie poziomu przygotowania uczni\u00f3w do egzaminu \u00f3smoklasisty oraz egzaminu maturalnego w Formule 2023 (tzw. egzaminu pr\u00f3bnego), przeprowadzanych w roku szkolnym 2025\/2026<\/a><\/p>\n\n\n\n<p><a href=\"https:\/\/4lo.kielce.eu\/wp-content\/uploads\/2025\/09\/20250820-E8-EM-Komunikat-o-harmonogramie-2026.pdf\">Komunikat dyrektora Centralnej Komisji Egzaminacyjnej z 20 sierpnia 2025 r.\u00a0w sprawie harmonogramu  przeprowadzania egzaminu \u00f3smoklasisty oraz egzaminu maturalnego w 2026<\/a><\/p>\n\n\n\n<p><a href=\"https:\/\/4lo.kielce.eu\/wp-content\/uploads\/2025\/09\/20250820-EM-Komunikat-o-dostosowaniach-2026.pdf\">Komunikat dyrektora Centralnej Komisji Egzaminacyjnej z 20 sierpnia 2025 r.\u00a0w sprawie szczeg\u00f3\u0142owych sposob\u00f3w dostosowania warunk\u00f3w i form przeprowadzania egzaminu maturalnego w roku szkolnym 2025\/2026<\/a><\/p>\n\n\n\n<p><a href=\"https:\/\/4lo.kielce.eu\/wp-content\/uploads\/2025\/09\/20250820-EM-2026-Informacja-p_1.pdf\">Informacja o sposobie organizacji i przeprowadzania egzaminu maturalnego w &#8222;Formule 2023&#8243; oraz \u201eFormule 2015&#8221; obowi\u0105zuj\u0105cej w roku szkolnym 2025\/2026 z dnia 20 sierpnia 2025r.<\/a><\/p>\n\n\n\n<p><a href=\"https:\/\/4lo.kielce.eu\/wp-content\/uploads\/2025\/09\/20250820-EM-Komunikat-o-egzaminie-z-informatyki-2026.pdf\">Komunikat dyrektora Centralnej Komisji Egzaminacyjnej z 20 sierpnia 2025 r.\u00a0w sprawie listy system\u00f3w operacyjnych, program\u00f3w u\u017cytkowych oraz j\u0119zyk\u00f3w programowania w przypadku egzaminu maturalnego z informatyki w roku 2025\/2026<\/a><\/p>\n\n\n\n<p><a href=\"https:\/\/4lo.kielce.eu\/wp-content\/uploads\/2025\/09\/20250820-E8_EM-Komunikat-o-przyborach-2026.pdf\">Komunikat dyrektora Centralnej Komisji Egzaminacyjnej z 20 sierpnia 2025 r.\u00a0w sprawie materia\u0142\u00f3w i przybor\u00f3w pomocniczych, z kt\u00f3rych mog\u0105 korzysta\u0107 zdaj\u0105cy na egzaminie \u00f3smoklasisty i egzaminie maturalnym w 2026 roku<\/a><\/p>\n\n\n\n<p><a href=\"https:\/\/4lo.kielce.eu\/wp-content\/uploads\/2025\/09\/20250820-Adres-ZIU-2026.pdf\">Informacja dyrektora Centralnej Komisji Egzaminacyjnej z 20 sierpnia 2025 r. dotycz\u0105ca adresu strony internetowej, na kt\u00f3rej mo\u017cna z\u0142o\u017cy\u0107 deklaracj\u0119 przyst\u0105pienia do egzaminu maturalnego w postaci elektronicznej<\/a><\/p>\n\n\n\n<p><a href=\"https:\/\/4lo.kielce.eu\/wp-content\/uploads\/2025\/09\/20250820-Ortografia-na-egzaminach.pdf\">Informacja dyrektora Centralnej Komisji Egzaminacyjnej z 20 sierpnia 2025 r. dotycz\u0105ca oceniania poprawno\u015bci ortograficznej w pracach egzaminacyjnych egzaminu \u00f3smoklasisty, egzaminu maturalnego i egzamin\u00f3w eksternistycznych<\/a><\/p>\n\n\n\n<p><a href=\"https:\/\/www.gov.pl\/web\/edukacja\/komunikat-ministra-edukacji-w-sprawie-wykazu-olimpiad-przedmiotowych-przeprowadzanych-z-przedmiotu-lub-przedmiotow-objetych-egzaminem-osmoklasisty-lub-egzaminem-maturalnym-oraz-konkursow-dla-uczniow-szkol-i-placowek-artystycznych\">Komunikat Ministra Edukacji i Nauki w sprawie wykazu olimpiad przedmiotowych przeprowadzanych z przedmiotu lub przedmiot\u00f3w obj\u0119tych egzaminem \u00f3smoklasisty lub egzaminem maturalnym oraz konkurs\u00f3w dla uczni\u00f3w szk\u00f3\u0142 i plac\u00f3wek artystycznych w roku szkolnym 2025\/2026<\/a><\/p>\n\n\n\n<p><\/p>\n\n\n\n<p><\/p>\n","protected":false},"excerpt":{"rendered":"<p>Wszystkie aktualne informacje dotycz\u0105ce przeprowadzania egzaminu maturalnego znajduj\u0105 si\u0119 na stronach: *Centralnej Komisji Egzaminacyjnej, oraz *Okr\u0119gowej Komisji Egzaminacyjnej w \u0141odzi. Poni\u017cej znajduj\u0105 si\u0119 najwa\u017cniejsze informacje i dokumenty, kt\u00f3re reguluj\u0105 przeprowadzanie&#8230; <\/p>\n","protected":false},"author":4,"featured_media":0,"parent":0,"menu_order":0,"comment_status":"closed","ping_status":"closed","template":"","meta":{"footnotes":""},"class_list":["post-1431","page","type-page","status-publish","hentry"],"_links":{"self":[{"href":"https:\/\/4lo.kielce.eu\/index.php\/wp-json\/wp\/v2\/pages\/1431","targetHints":{"allow":["GET"]}}],"collection":[{"href":"https:\/\/4lo.kielce.eu\/index.php\/wp-json\/wp\/v2\/pages"}],"about":[{"href":"https:\/\/4lo.kielce.eu\/index.php\/wp-json\/wp\/v2\/types\/page"}],"author":[{"embeddable":true,"href":"https:\/\/4lo.kielce.eu\/index.php\/wp-json\/wp\/v2\/users\/4"}],"replies":[{"embeddable":true,"href":"https:\/\/4lo.kielce.eu\/index.php\/wp-json\/wp\/v2\/comments?post=1431"}],"version-history":[{"count":46,"href":"https:\/\/4lo.kielce.eu\/index.php\/wp-json\/wp\/v2\/pages\/1431\/revisions"}],"predecessor-version":[{"id":9037,"href":"https:\/\/4lo.kielce.eu\/index.php\/wp-json\/wp\/v2\/pages\/1431\/revisions\/9037"}],"wp:attachment":[{"href":"https:\/\/4lo.kielce.eu\/index.php\/wp-json\/wp\/v2\/media?parent=1431"}],"curies":[{"name":"wp","href":"https:\/\/api.w.org\/{rel}","templated":true}]}}