{"id":14,"date":"2020-01-04T13:32:11","date_gmt":"2020-01-04T12:32:11","guid":{"rendered":"http:\/\/4lo.kielce.eu\/?page_id=14"},"modified":"2025-09-03T13:10:37","modified_gmt":"2025-09-03T11:10:37","slug":"wazne-informacje","status":"publish","type":"page","link":"https:\/\/4lo.kielce.eu\/index.php\/wazne-informacje\/","title":{"rendered":"WA\u017bNE INFORMACJE"},"content":{"rendered":"<div class=\"wp-block-image wp-duotone-unset-1\">\n<figure class=\"alignleft size-large is-resized\"><img loading=\"lazy\" decoding=\"async\" width=\"295\" height=\"160\" src=\"http:\/\/4lo.kielce.eu\/wp-content\/uploads\/2020\/09\/rodzice.jpg\" alt=\"\" class=\"wp-image-1843\" style=\"aspect-ratio:1.8376623376623376;width:177px;height:auto\"\/><\/figure><\/div>\n\n\n<figure class=\"wp-block-image size-full\"><img loading=\"lazy\" decoding=\"async\" width=\"286\" height=\"160\" src=\"http:\/\/4lo.kielce.eu\/wp-content\/uploads\/2024\/10\/unnamed.jpg\" alt=\"\" class=\"wp-image-7332\"\/><\/figure>\n\n\n\n<p class=\"has-text-align-center has-very-dark-gray-color has-text-color\"><mark style=\"background-color:rgba(0, 0, 0, 0)\" class=\"has-inline-color has-luminous-vivid-orange-color\"><\/mark><\/p>\n\n\n\n<p class=\"has-text-align-center has-very-dark-gray-color has-text-color\"><strong><em><mark style=\"background-color:rgba(0, 0, 0, 0)\" class=\"has-inline-color has-vivid-purple-color\"><a href=\"https:\/\/4lo.kielce.eu\/wp-content\/uploads\/2025\/09\/2025_2026-spotkania-z-rodzicami_sem.-zimowy_tabela.pdf\">ZEBRANIA Z RODZICAMI W SEMESTRZE ZIMOWYM W ROKU SZKOLNYM 2025\/2026<\/a><\/mark><\/em><\/strong><\/p>\n\n\n\n<p class=\"has-text-align-center\"><strong><em><mark style=\"background-color:rgba(0, 0, 0, 0)\" class=\"has-inline-color has-vivid-red-color\"><a href=\"https:\/\/4lo.kielce.eu\/wp-content\/uploads\/2025\/09\/Dni-wolne-od-zajec-dydaktycznych.pdf\">DNI WOLNE OD ZAJ\u0118\u0106 DYDAKTYCZNYCH w roku szkolnym 2025\/2026<\/a><\/mark><\/em><\/strong><\/p>\n\n\n\n<p class=\"has-text-align-center has-very-dark-gray-color has-text-color\"><a href=\"http:\/\/4lo.kielce.eu\/wp-content\/uploads\/2021\/03\/klauzula-informacyjna-IV-LO-.pdf\" target=\"_blank\" rel=\"noreferrer noopener\"><strong><mark style=\"background-color:rgba(0, 0, 0, 0)\" class=\"has-inline-color has-pale-pink-color\">KLAUZULA INFORMACYJNA RODO<\/mark><\/strong><\/a><\/p>\n\n\n\n<p>________________________________________________________________________________________________________________<\/p>\n\n\n\n<p class=\"has-text-align-center\"><strong><mark style=\"background-color:#7bdcb5\" class=\"has-inline-color has-black-color\">Rada Rodzic\u00f3w IV Liceum Og\u00f3lnokszta\u0142c\u0105cego w Kielcach<\/mark><\/strong><\/p>\n\n\n\n<p class=\"has-text-align-center\"><strong>Nr konta: 27 1090 2590 0000 0001 5811 5622<\/strong><\/p>\n\n\n\n<p class=\"has-text-align-center\"><strong>Bank Santander Polska S.A.<\/strong><\/p>\n\n\n\n<p class=\"has-text-align-center\"><strong>W tytule wp\u0142aty prosz\u0119 wpisa\u0107 imi\u0119 i nazwisko ucznia oraz klas\u0119.<\/strong><\/p>\n\n\n\n<p class=\"has-text-align-center\"><strong>Wysoko\u015b\u0107 wp\u0142aty wynosi 50 z\u0142 na rok szkolny.<\/strong><\/p>\n\n\n\n<p class=\"has-text-align-center\"><strong>W roku szkolnym 2025 \/ 2026 nie planuje si\u0119 ubezpieczenia m\u0142odzie\u017cy.<\/strong><\/p>\n\n\n\n<hr class=\"wp-block-separator has-css-opacity\"\/>\n\n\n\n<h4 class=\"wp-block-heading\"><mark style=\"background-color:#7bdcb5\" class=\"has-inline-color\">DOKUMENTY SZKOLNE<\/mark><\/h4>\n\n\n\n<ul class=\"wp-block-list\">\n<li><a rel=\"noreferrer noopener\" href=\"http:\/\/4lo.kielce.eu\/wp-content\/uploads\/2020\/02\/Statut_01.09.2019.pdf\" target=\"_blank\">Statut IV Liceum Og\u00f3lnokszta\u0142c\u0105cego<\/a><\/li>\n\n\n\n<li><a href=\"http:\/\/4lo.kielce.eu\/wp-content\/uploads\/2021\/09\/regulamin-wycieczek-1-1.pdf\" target=\"_blank\" rel=\"noreferrer noopener\">Regulamin wycieczek<\/a><\/li>\n<\/ul>\n\n\n\n<hr class=\"wp-block-separator has-css-opacity\"\/>\n\n\n\n<p class=\"has-text-color\" style=\"color:#1380af\"><strong><mark style=\"background-color:#7bdcb5\" class=\"has-inline-color has-black-color\">PORADNIK DLA RODZIC\u00d3W<\/mark><\/strong>                                           <img loading=\"lazy\" decoding=\"async\" width=\"150\" height=\"150\" class=\"wp-image-7333\" style=\"width: 150px;\" src=\"http:\/\/4lo.kielce.eu\/wp-content\/uploads\/2024\/10\/images.png\" alt=\"\" srcset=\"https:\/\/4lo.kielce.eu\/wp-content\/uploads\/2024\/10\/images.png 225w, https:\/\/4lo.kielce.eu\/wp-content\/uploads\/2024\/10\/images-150x150.png 150w\" sizes=\"auto, (max-width: 150px) 100vw, 150px\" \/><\/p>\n\n\n\n<p>B\u0105d\u017acie czujni<br>Walczcie o swoje dzieci<br>Nie lekcewa\u017ccie sygna\u0142\u00f3w, kt\u00f3re wysy\u0142aj\u0105<br>Pami\u0119tajcie, \u017ce nowe \u015brodowisko to r\u00f3wnie\u017c nowe zagro\u017cenie<br>Strze\u017ccie swoje dzieci przed u\u017cywkami, a zw\u0142aszcza tymi najgro\u017aniejszymi, jakimi w ostatnim czasie s\u0105 dopalacze<\/p>\n\n\n\n<figure class=\"wp-block-gallery alignright has-nested-images columns-default is-cropped wp-block-gallery-2 is-layout-flex wp-block-gallery-is-layout-flex\"><\/figure>\n\n\n\n<p class=\"has-very-dark-gray-color has-text-color has-normal-font-size\"><strong>Uwaga:<\/strong> numer telefonu<br>Miejskiego Zespo\u0142u Poradni Psychologiczno Pedagogicznej:<strong> 41 36 76 728<\/strong><\/p>\n\n\n\n<hr class=\"wp-block-separator has-css-opacity\"\/>\n\n\n\n<p><\/p>\n\n\n\n<p><br><\/p>\n","protected":false},"excerpt":{"rendered":"<p>ZEBRANIA Z RODZICAMI W SEMESTRZE ZIMOWYM W ROKU SZKOLNYM 2025\/2026 DNI WOLNE OD ZAJ\u0118\u0106 DYDAKTYCZNYCH w roku szkolnym 2025\/2026 KLAUZULA INFORMACYJNA RODO ________________________________________________________________________________________________________________ Rada Rodzic\u00f3w IV Liceum Og\u00f3lnokszta\u0142c\u0105cego w Kielcach&#8230; <\/p>\n","protected":false},"author":1,"featured_media":0,"parent":0,"menu_order":0,"comment_status":"closed","ping_status":"closed","template":"","meta":{"footnotes":""},"class_list":["post-14","page","type-page","status-publish","hentry"],"_links":{"self":[{"href":"https:\/\/4lo.kielce.eu\/index.php\/wp-json\/wp\/v2\/pages\/14","targetHints":{"allow":["GET"]}}],"collection":[{"href":"https:\/\/4lo.kielce.eu\/index.php\/wp-json\/wp\/v2\/pages"}],"about":[{"href":"https:\/\/4lo.kielce.eu\/index.php\/wp-json\/wp\/v2\/types\/page"}],"author":[{"embeddable":true,"href":"https:\/\/4lo.kielce.eu\/index.php\/wp-json\/wp\/v2\/users\/1"}],"replies":[{"embeddable":true,"href":"https:\/\/4lo.kielce.eu\/index.php\/wp-json\/wp\/v2\/comments?post=14"}],"version-history":[{"count":140,"href":"https:\/\/4lo.kielce.eu\/index.php\/wp-json\/wp\/v2\/pages\/14\/revisions"}],"predecessor-version":[{"id":8989,"href":"https:\/\/4lo.kielce.eu\/index.php\/wp-json\/wp\/v2\/pages\/14\/revisions\/8989"}],"wp:attachment":[{"href":"https:\/\/4lo.kielce.eu\/index.php\/wp-json\/wp\/v2\/media?parent=14"}],"curies":[{"name":"wp","href":"https:\/\/api.w.org\/{rel}","templated":true}]}}