{"id":1130,"date":"2020-03-10T20:28:59","date_gmt":"2020-03-10T19:28:59","guid":{"rendered":"http:\/\/4lo.kielce.eu\/?page_id=1130"},"modified":"2024-07-05T12:02:31","modified_gmt":"2024-07-05T10:02:31","slug":"wazne-informacje-2","status":"publish","type":"page","link":"https:\/\/4lo.kielce.eu\/index.php\/wazne-informacje-2\/","title":{"rendered":"ABSOLWENCI &#8211; Wa\u017cne informacje i terminy"},"content":{"rendered":"\n<p><strong>ODBI\u00d3R \u015aWIADECTW DOJRZA\u0141O\u015aCI W IV LICEUM OG\u00d3LNOKSZTA\u0141C\u0104CYM W KIELCACH<\/strong><\/p>\n\n\n\n<p>Dyrekcja IV Liceum Og\u00f3lnokszta\u0142c\u0105cego w Kielcach informuje, \u017ce <strong>\u015bwiadectwa dojrza\u0142o\u015bci b\u0119d\u0105 wydawane absolwentom \u00a0<u>w dniu <mark style=\"background-color:rgba(0, 0, 0, 0)\" class=\"has-inline-color has-vivid-red-color\">9 lipca 2024r. od godz. 11.00<\/mark><\/u><\/strong><\/p>\n\n\n\n<p><strong><u>Absolwenci tegorocznych klas 4 <\/u><\/strong><strong>odbieraj\u0105 \u015bwiadectwa dojrza\u0142o\u015bci w wyznaczonych salach<\/strong>.<\/p>\n\n\n\n<p><strong><mark style=\"background-color:rgba(0, 0, 0, 0)\" class=\"has-inline-color has-vivid-cyan-blue-color\"><u>Absolwenci lat ubieg\u0142ych<\/u> odbieraj\u0105 \u015bwiadectwa w sekretariacie.<\/mark><\/strong><\/p>\n\n\n\n<p><strong><u>Osoby upowa\u017cnione<\/u><\/strong><strong> do odbioru \u015bwiadectwa dojrza\u0142o\u015bci, na podstawie upowa\u017cnienia wcze\u015bniej podpisanego i potwierdzonego przez wychowawc\u0119\/ dyrektora szko\u0142y lub upowa\u017cnienia notarialnego, b\u0119d\u0105 mog\u0142y odebra\u0107 \u015bwiadectwa dojrza\u0142o\u015bci po okazaniu upowa\u017cnienia i dowodu osobistego.<\/strong><\/p>\n\n\n\n<p><strong><u>Absolwenci <\/u><\/strong><strong>b\u0119d\u0105 mogli tak\u017ce odebra\u0107 \u015bwiadectwa dojrza\u0142o\u015bci w terminie p\u00f3\u017aniejszym osobi\u015bcie w sekretariacie szko\u0142y po okazaniu dowodu osobistego.<\/strong><\/p>\n\n\n\n<p><a href=\"http:\/\/4lo.kielce.eu\/wp-content\/uploads\/2023\/09\/Komunikat-o-wdrazaniu-EM23.pdf\">Informacja dyrektora Centralnej Komisji Egzaminacyjnej z 12 stycznia 2022 r. o dzia\u0142aniach zwi\u0105zanych z wdra\u017caniem egzaminu maturalnego w Formule 2023<\/a><\/p>\n\n\n\n<p><a href=\"http:\/\/4lo.kielce.eu\/wp-content\/uploads\/2023\/09\/procedury.pdf\">Informacja o sposobie organizacji i przeprowadzania egzaminu maturalnego w \u201eFormule 2023\u2033 oraz \u201eFormule 2015\u201d obowi\u0105zuj\u0105cej w roku szkolnym 2023\/2024 z dnia 17.08.2023r.<\/a><\/p>\n\n\n\n<p><a href=\"http:\/\/4lo.kielce.eu\/wp-content\/uploads\/2023\/09\/Komunikat-o-przyborach.pdf\">Komunikat dyrektora Centralnej Komisji Egzaminacyjnej z 17 sierpnia 2023 r.&nbsp;w sprawie materia\u0142\u00f3w i przybor\u00f3w pomocniczych, z kt\u00f3rych mog\u0105 korzysta\u0107 zdaj\u0105cy na egzaminie \u00f3smoklasisty i egzaminie maturalnym w 2024 roku<\/a><\/p>\n\n\n\n<p><a href=\"http:\/\/4lo.kielce.eu\/wp-content\/uploads\/2023\/09\/Komunikat-o-dostosowaniach.pdf\">Komunikat dyrektora Centralnej Komisji Egzaminacyjnej z 17 sierpnia 2023 r.&nbsp;w sprawie szczeg\u00f3\u0142owych sposob\u00f3w dostosowania warunk\u00f3w i form przeprowadzania egzaminu maturalnego w roku szkolnym 2023\/2024<\/a><\/p>\n\n\n\n<p><a href=\"http:\/\/4lo.kielce.eu\/wp-content\/uploads\/2023\/09\/Komunikat-o-egzaminie-z-informatyki.pdf\">Komunikat dyrektora Centralnej Komisji Egzaminacyjnej z 17 sierpnia 2023 r.&nbsp;w sprawie listy system\u00f3w operacyjnych, program\u00f3w u\u017cytkowych oraz j\u0119zyk\u00f3w programowania w przypadku egzaminu maturalnego z informatyki w roku 2023\/2024<\/a><\/p>\n\n\n\n<p><a href=\"http:\/\/4lo.kielce.eu\/wp-content\/uploads\/2023\/09\/Adres-ZIU-2023.pdf\">Informacja dyrektora Centralnej Komisji Egzaminacyjnej z 17 sierpnia 2023 r. dotycz\u0105ca adresu strony internetowej, na kt\u00f3rej mo\u017cna z\u0142o\u017cy\u0107 deklaracj\u0119 przyst\u0105pienia do egzaminu maturalnego w postaci elektronicznej<\/a><\/p>\n\n\n\n<p><a href=\"http:\/\/4lo.kielce.eu\/wp-content\/uploads\/2023\/09\/EM-2024-Zalacznik-1a-Deklaracja-A.pdf\">deklaracja 1a<\/a><\/p>\n\n\n\n<p><br><\/p>\n\n\n\n<p><\/p>\n","protected":false},"excerpt":{"rendered":"<p>ODBI\u00d3R \u015aWIADECTW DOJRZA\u0141O\u015aCI W IV LICEUM OG\u00d3LNOKSZTA\u0141C\u0104CYM W KIELCACH Dyrekcja IV Liceum Og\u00f3lnokszta\u0142c\u0105cego w Kielcach informuje, \u017ce \u015bwiadectwa dojrza\u0142o\u015bci b\u0119d\u0105 wydawane absolwentom \u00a0w dniu 9 lipca 2024r. od godz. 11.00&#8230; <\/p>\n","protected":false},"author":1,"featured_media":0,"parent":0,"menu_order":0,"comment_status":"closed","ping_status":"closed","template":"","meta":{"footnotes":""},"class_list":["post-1130","page","type-page","status-publish","hentry"],"_links":{"self":[{"href":"https:\/\/4lo.kielce.eu\/index.php\/wp-json\/wp\/v2\/pages\/1130","targetHints":{"allow":["GET"]}}],"collection":[{"href":"https:\/\/4lo.kielce.eu\/index.php\/wp-json\/wp\/v2\/pages"}],"about":[{"href":"https:\/\/4lo.kielce.eu\/index.php\/wp-json\/wp\/v2\/types\/page"}],"author":[{"embeddable":true,"href":"https:\/\/4lo.kielce.eu\/index.php\/wp-json\/wp\/v2\/users\/1"}],"replies":[{"embeddable":true,"href":"https:\/\/4lo.kielce.eu\/index.php\/wp-json\/wp\/v2\/comments?post=1130"}],"version-history":[{"count":27,"href":"https:\/\/4lo.kielce.eu\/index.php\/wp-json\/wp\/v2\/pages\/1130\/revisions"}],"predecessor-version":[{"id":6964,"href":"https:\/\/4lo.kielce.eu\/index.php\/wp-json\/wp\/v2\/pages\/1130\/revisions\/6964"}],"wp:attachment":[{"href":"https:\/\/4lo.kielce.eu\/index.php\/wp-json\/wp\/v2\/media?parent=1130"}],"curies":[{"name":"wp","href":"https:\/\/api.w.org\/{rel}","templated":true}]}}

ABSOLWENCI &#8211; Ważne informacje i terminy

<p><strong>ODBIÓR ŚWIADECTW DOJRZAŁOŚCI W IV LICEUM OGÓLNOKSZTAŁCĄCYM W KIELCACH</strong></p>



<p>Dyrekcja IV Liceum Ogólnokształcącego w Kielcach informuje, że <strong>świadectwa dojrzałości będą wydawane absolwentom  <u>w dniu <mark style="background-color:rgba(0, 0, 0, 0)" class="has-inline-color has-vivid-red-color">9 lipca 2024r. od godz. 11.00</mark></u></strong></p>



<p><strong><u>Absolwenci tegorocznych klas 4 </u></strong><strong>odbierają świadectwa dojrzałości w wyznaczonych salach</strong>.</p>



<p><strong><mark style="background-color:rgba(0, 0, 0, 0)" class="has-inline-color has-vivid-cyan-blue-color"><u>Absolwenci lat ubiegłych</u> odbierają świadectwa w sekretariacie.</mark></strong></p>



<p><strong><u>Osoby upoważnione</u></strong><strong> do odbioru świadectwa dojrzałości, na podstawie upoważnienia wcześniej podpisanego i potwierdzonego przez wychowawcę/ dyrektora szkoły lub upoważnienia notarialnego, będą mogły odebrać świadectwa dojrzałości po okazaniu upoważnienia i dowodu osobistego.</strong></p>



<p><strong><u>Absolwenci </u></strong><strong>będą mogli także odebrać świadectwa dojrzałości w terminie późniejszym osobiście w sekretariacie szkoły po okazaniu dowodu osobistego.</strong></p>



<p><a href="http://4lo.kielce.eu/wp-content/uploads/2023/09/Komunikat-o-wdrazaniu-EM23.pdf">Informacja dyrektora Centralnej Komisji Egzaminacyjnej z 12 stycznia 2022 r. o działaniach związanych z wdrażaniem egzaminu maturalnego w Formule 2023</a></p>



<p><a href="http://4lo.kielce.eu/wp-content/uploads/2023/09/procedury.pdf">Informacja o sposobie organizacji i przeprowadzania egzaminu maturalnego w „Formule 2023″ oraz „Formule 2015” obowiązującej w roku szkolnym 2023/2024 z dnia 17.08.2023r.</a></p>



<p><a href="http://4lo.kielce.eu/wp-content/uploads/2023/09/Komunikat-o-przyborach.pdf">Komunikat dyrektora Centralnej Komisji Egzaminacyjnej z 17 sierpnia 2023 r.&nbsp;w sprawie materiałów i przyborów pomocniczych, z których mogą korzystać zdający na egzaminie ósmoklasisty i egzaminie maturalnym w 2024 roku</a></p>



<p><a href="http://4lo.kielce.eu/wp-content/uploads/2023/09/Komunikat-o-dostosowaniach.pdf">Komunikat dyrektora Centralnej Komisji Egzaminacyjnej z 17 sierpnia 2023 r.&nbsp;w sprawie szczegółowych sposobów dostosowania warunków i form przeprowadzania egzaminu maturalnego w roku szkolnym 2023/2024</a></p>



<p><a href="http://4lo.kielce.eu/wp-content/uploads/2023/09/Komunikat-o-egzaminie-z-informatyki.pdf">Komunikat dyrektora Centralnej Komisji Egzaminacyjnej z 17 sierpnia 2023 r.&nbsp;w sprawie listy systemów operacyjnych, programów użytkowych oraz języków programowania w przypadku egzaminu maturalnego z informatyki w roku 2023/2024</a></p>



<p><a href="http://4lo.kielce.eu/wp-content/uploads/2023/09/Adres-ZIU-2023.pdf">Informacja dyrektora Centralnej Komisji Egzaminacyjnej z 17 sierpnia 2023 r. dotycząca adresu strony internetowej, na której można złożyć deklarację przystąpienia do egzaminu maturalnego w postaci elektronicznej</a></p>



<p><a href="http://4lo.kielce.eu/wp-content/uploads/2023/09/EM-2024-Zalacznik-1a-Deklaracja-A.pdf">deklaracja 1a</a></p>



<p><br></p>



<p></p>

<p>ODBIÓR ŚWIADECTW DOJRZAŁOŚCI W IV LICEUM OGÓLNOKSZTAŁCĄCYM W KIELCACH Dyrekcja IV Liceum Ogólnokształcącego w Kielcach informuje, że świadectwa dojrzałości będą wydawane absolwentom  w dniu 9 lipca 2024r. od godz. 11.00&#8230; </p>
